{"id":2,"date":"2016-01-03T19:30:33","date_gmt":"2016-01-03T18:30:33","guid":{"rendered":"http:\/\/glacas.fr\/mangeoire\/?page_id=2"},"modified":"2017-01-31T15:32:38","modified_gmt":"2017-01-31T13:32:38","slug":"page-d-exemple","status":"publish","type":"page","link":"http:\/\/glacas.fr\/mangeoire\/page-d-exemple\/","title":{"rendered":"A propos de ce site"},"content":{"rendered":"<p><img data-recalc-dims=\"1\" loading=\"lazy\" decoding=\"async\" data-attachment-id=\"99\" data-permalink=\"http:\/\/glacas.fr\/mangeoire\/06-large\/\" data-orig-file=\"https:\/\/i0.wp.com\/glacas.fr\/mangeoire\/wp-content\/uploads\/sites\/6\/2016\/01\/06-Large.jpg?fit=1335%2C1080\" data-orig-size=\"1335,1080\" data-comments-opened=\"1\" data-image-meta=\"{&quot;aperture&quot;:&quot;5&quot;,&quot;credit&quot;:&quot;&quot;,&quot;camera&quot;:&quot;Canon EOS 550D&quot;,&quot;caption&quot;:&quot;&quot;,&quot;created_timestamp&quot;:&quot;1356878478&quot;,&quot;copyright&quot;:&quot;&quot;,&quot;focal_length&quot;:&quot;146&quot;,&quot;iso&quot;:&quot;640&quot;,&quot;shutter_speed&quot;:&quot;0.000625&quot;,&quot;title&quot;:&quot;&quot;,&quot;orientation&quot;:&quot;1&quot;}\" data-image-title=\"06 (Large)\" data-image-description=\"\" data-image-caption=\"\" data-medium-file=\"https:\/\/i0.wp.com\/glacas.fr\/mangeoire\/wp-content\/uploads\/sites\/6\/2016\/01\/06-Large.jpg?fit=300%2C243\" data-large-file=\"https:\/\/i0.wp.com\/glacas.fr\/mangeoire\/wp-content\/uploads\/sites\/6\/2016\/01\/06-Large.jpg?fit=648%2C524\" class=\"alignleft wp-image-99 size-thumbnail colorbox-2\" src=\"https:\/\/i0.wp.com\/glacas.fr\/mangeoire\/wp-content\/uploads\/sites\/6\/2016\/01\/06-Large.jpg?resize=150%2C150\" alt=\"06 (Large)\" width=\"150\" height=\"150\" srcset=\"https:\/\/i0.wp.com\/glacas.fr\/mangeoire\/wp-content\/uploads\/sites\/6\/2016\/01\/06-Large.jpg?resize=150%2C150 150w, https:\/\/i0.wp.com\/glacas.fr\/mangeoire\/wp-content\/uploads\/sites\/6\/2016\/01\/06-Large.jpg?zoom=2&amp;resize=150%2C150 300w, https:\/\/i0.wp.com\/glacas.fr\/mangeoire\/wp-content\/uploads\/sites\/6\/2016\/01\/06-Large.jpg?zoom=3&amp;resize=150%2C150 450w\" sizes=\"auto, (max-width: 150px) 100vw, 150px\" \/><img data-recalc-dims=\"1\" loading=\"lazy\" decoding=\"async\" data-attachment-id=\"814\" data-permalink=\"http:\/\/glacas.fr\/mangeoire\/img_3334-medium\/\" data-orig-file=\"https:\/\/i0.wp.com\/glacas.fr\/mangeoire\/wp-content\/uploads\/sites\/6\/2017\/01\/IMG_3334-Medium.jpg?fit=1024%2C768\" data-orig-size=\"1024,768\" data-comments-opened=\"1\" data-image-meta=\"{&quot;aperture&quot;:&quot;6.3&quot;,&quot;credit&quot;:&quot;COSTA.Florent&quot;,&quot;camera&quot;:&quot;Canon EOS 7D&quot;,&quot;caption&quot;:&quot;&quot;,&quot;created_timestamp&quot;:&quot;1484917179&quot;,&quot;copyright&quot;:&quot;&quot;,&quot;focal_length&quot;:&quot;300&quot;,&quot;iso&quot;:&quot;500&quot;,&quot;shutter_speed&quot;:&quot;0.0005&quot;,&quot;title&quot;:&quot;&quot;,&quot;orientation&quot;:&quot;1&quot;}\" data-image-title=\"IMG_3334 (Medium)\" data-image-description=\"\" data-image-caption=\"\" data-medium-file=\"https:\/\/i0.wp.com\/glacas.fr\/mangeoire\/wp-content\/uploads\/sites\/6\/2017\/01\/IMG_3334-Medium.jpg?fit=300%2C225\" data-large-file=\"https:\/\/i0.wp.com\/glacas.fr\/mangeoire\/wp-content\/uploads\/sites\/6\/2017\/01\/IMG_3334-Medium.jpg?fit=648%2C486\" class=\"wp-image-814 size-thumbnail alignleft colorbox-2\" src=\"https:\/\/i0.wp.com\/glacas.fr\/mangeoire\/wp-content\/uploads\/sites\/6\/2017\/01\/IMG_3334-Medium.jpg?resize=150%2C150\" width=\"150\" height=\"150\" srcset=\"https:\/\/i0.wp.com\/glacas.fr\/mangeoire\/wp-content\/uploads\/sites\/6\/2017\/01\/IMG_3334-Medium.jpg?resize=150%2C150 150w, https:\/\/i0.wp.com\/glacas.fr\/mangeoire\/wp-content\/uploads\/sites\/6\/2017\/01\/IMG_3334-Medium.jpg?zoom=2&amp;resize=150%2C150 300w, https:\/\/i0.wp.com\/glacas.fr\/mangeoire\/wp-content\/uploads\/sites\/6\/2017\/01\/IMG_3334-Medium.jpg?zoom=3&amp;resize=150%2C150 450w\" sizes=\"auto, (max-width: 150px) 100vw, 150px\" \/><img data-recalc-dims=\"1\" loading=\"lazy\" decoding=\"async\" data-attachment-id=\"101\" data-permalink=\"http:\/\/glacas.fr\/mangeoire\/img_5792a-large\/\" data-orig-file=\"https:\/\/i0.wp.com\/glacas.fr\/mangeoire\/wp-content\/uploads\/sites\/6\/2016\/01\/IMG_5792A-Large.jpg?fit=1266%2C1080\" data-orig-size=\"1266,1080\" data-comments-opened=\"1\" data-image-meta=\"{&quot;aperture&quot;:&quot;4&quot;,&quot;credit&quot;:&quot;COSTA.Florent&quot;,&quot;camera&quot;:&quot;Canon EOS 7D&quot;,&quot;caption&quot;:&quot;&quot;,&quot;created_timestamp&quot;:&quot;1450025542&quot;,&quot;copyright&quot;:&quot;&quot;,&quot;focal_length&quot;:&quot;300&quot;,&quot;iso&quot;:&quot;2000&quot;,&quot;shutter_speed&quot;:&quot;0.0008&quot;,&quot;title&quot;:&quot;&quot;,&quot;orientation&quot;:&quot;1&quot;}\" data-image-title=\"IMG_5792A (Large)\" data-image-description=\"\" data-image-caption=\"\" data-medium-file=\"https:\/\/i0.wp.com\/glacas.fr\/mangeoire\/wp-content\/uploads\/sites\/6\/2016\/01\/IMG_5792A-Large.jpg?fit=300%2C256\" data-large-file=\"https:\/\/i0.wp.com\/glacas.fr\/mangeoire\/wp-content\/uploads\/sites\/6\/2016\/01\/IMG_5792A-Large.jpg?fit=648%2C553\" class=\"alignleft wp-image-101 size-thumbnail colorbox-2\" src=\"https:\/\/i0.wp.com\/glacas.fr\/mangeoire\/wp-content\/uploads\/sites\/6\/2016\/01\/IMG_5792A-Large.jpg?resize=150%2C150\" alt=\"IMG_5792A (Large)\" width=\"150\" height=\"150\" srcset=\"https:\/\/i0.wp.com\/glacas.fr\/mangeoire\/wp-content\/uploads\/sites\/6\/2016\/01\/IMG_5792A-Large.jpg?resize=150%2C150 150w, https:\/\/i0.wp.com\/glacas.fr\/mangeoire\/wp-content\/uploads\/sites\/6\/2016\/01\/IMG_5792A-Large.jpg?zoom=2&amp;resize=150%2C150 300w, https:\/\/i0.wp.com\/glacas.fr\/mangeoire\/wp-content\/uploads\/sites\/6\/2016\/01\/IMG_5792A-Large.jpg?zoom=3&amp;resize=150%2C150 450w\" sizes=\"auto, (max-width: 150px) 100vw, 150px\" \/><img data-recalc-dims=\"1\" loading=\"lazy\" decoding=\"async\" data-attachment-id=\"97\" data-permalink=\"http:\/\/glacas.fr\/mangeoire\/img_7773a-large\/\" data-orig-file=\"https:\/\/i0.wp.com\/glacas.fr\/mangeoire\/wp-content\/uploads\/sites\/6\/2016\/01\/IMG_7773A-Large.jpg?fit=1056%2C1080\" data-orig-size=\"1056,1080\" data-comments-opened=\"1\" data-image-meta=\"{&quot;aperture&quot;:&quot;4&quot;,&quot;credit&quot;:&quot;COSTA.Florent&quot;,&quot;camera&quot;:&quot;Canon EOS 7D&quot;,&quot;caption&quot;:&quot;&quot;,&quot;created_timestamp&quot;:&quot;1451656870&quot;,&quot;copyright&quot;:&quot;&quot;,&quot;focal_length&quot;:&quot;300&quot;,&quot;iso&quot;:&quot;400&quot;,&quot;shutter_speed&quot;:&quot;0.0005&quot;,&quot;title&quot;:&quot;&quot;,&quot;orientation&quot;:&quot;1&quot;}\" data-image-title=\"IMG_7773A (Large)\" data-image-description=\"\" data-image-caption=\"\" data-medium-file=\"https:\/\/i0.wp.com\/glacas.fr\/mangeoire\/wp-content\/uploads\/sites\/6\/2016\/01\/IMG_7773A-Large.jpg?fit=293%2C300\" data-large-file=\"https:\/\/i0.wp.com\/glacas.fr\/mangeoire\/wp-content\/uploads\/sites\/6\/2016\/01\/IMG_7773A-Large.jpg?fit=648%2C663\" class=\"alignleft wp-image-97 size-thumbnail colorbox-2\" src=\"https:\/\/i0.wp.com\/glacas.fr\/mangeoire\/wp-content\/uploads\/sites\/6\/2016\/01\/IMG_7773A-Large.jpg?resize=150%2C150\" alt=\"IMG_7773A (Large)\" width=\"150\" height=\"150\" srcset=\"https:\/\/i0.wp.com\/glacas.fr\/mangeoire\/wp-content\/uploads\/sites\/6\/2016\/01\/IMG_7773A-Large.jpg?resize=150%2C150 150w, https:\/\/i0.wp.com\/glacas.fr\/mangeoire\/wp-content\/uploads\/sites\/6\/2016\/01\/IMG_7773A-Large.jpg?zoom=2&amp;resize=150%2C150 300w, https:\/\/i0.wp.com\/glacas.fr\/mangeoire\/wp-content\/uploads\/sites\/6\/2016\/01\/IMG_7773A-Large.jpg?zoom=3&amp;resize=150%2C150 450w\" sizes=\"auto, (max-width: 150px) 100vw, 150px\" \/><\/p>\n<p>&nbsp;<\/p>\n<p>&nbsp;<\/p>\n<p>&nbsp;<\/p>\n<p style=\"text-align: justify;\">\n<p style=\"text-align: justify;\">\n<p style=\"text-align: justify;\">Ce site a pour objectif de valoriser, sous forme de journal, les photos prises \u00e0 mes mangeoires durant l&rsquo;hiver.<\/p>\n<p style=\"text-align: justify;\">En effet, prenant pas mal de photos au quotidien des oiseaux qui viennent se nourrir dans les diff\u00e9rentes mangeoires, je ne les valorise pas toujours dans les autres pages comme ;<\/p>\n<ul style=\"text-align: justify;\">\n<li><a href=\"http:\/\/glacas.fr\/blog\/category\/la-garzette\/\" target=\"_blank\">La Garzette<\/a> o\u00f9 je raconte des petites histoires inspir\u00e9es par<a href=\"http:\/\/www.lahulotte.fr\/\"> La Hulotte<\/a><\/li>\n<li><a href=\"http:\/\/glacas.fr\/blog\/category\/reportages\/\" target=\"_blank\">Les Reportages<\/a> o\u00f9 je raconte des d\u00e9couvertes de lieux ou d\u00a0\u00bb\u00e9v\u00e8nements<\/li>\n<li><a href=\"http:\/\/glacas.fr\/blog\/category\/la-bestiole-du-jour\/\" target=\"_blank\">La bestiole du jour<\/a> avec une fiche d&rsquo;identit\u00e9 en photos<\/li>\n<\/ul>\n<p style=\"text-align: justify;\">C&rsquo;est donc un nouveau support o\u00f9 je mettrai, un peu en vrac, les photos de tous les habitu\u00e9s de mon jardin.<\/p>\n<p style=\"text-align: justify;\">J&rsquo;esp\u00e8re qu&rsquo;elles vous plairont et vous permettrons de partager ma passion pour les oiseaux.<\/p>\n","protected":false},"excerpt":{"rendered":"<p>&nbsp; &nbsp; &nbsp; Ce site a pour objectif de valoriser, sous forme de journal, les photos prises \u00e0 mes mangeoires durant l&rsquo;hiver. En effet, prenant pas mal de photos au quotidien des oiseaux qui viennent se nourrir dans les diff\u00e9rentes mangeoires, je ne les valorise pas toujours dans les autres pages comme ; La Garzette o\u00f9 je raconte des petites histoires inspir\u00e9es par La Hulotte Les Reportages o\u00f9 je raconte des d\u00e9couvertes de lieux ou d\u00a0\u00bb\u00e9v\u00e8nements La bestiole du jour avec une fiche d&rsquo;identit\u00e9 en photos C&rsquo;est donc un nouveau support o\u00f9 je mettrai, un peu en vrac, les photos de tous les habitu\u00e9s de mon jardin. J&rsquo;esp\u00e8re qu&rsquo;elles vous plairont et vous permettrons de partager ma passion pour les oiseaux.<\/p>\n","protected":false},"author":1,"featured_media":5,"parent":0,"menu_order":0,"comment_status":"closed","ping_status":"open","template":"","meta":{"ngg_post_thumbnail":0,"jetpack_post_was_ever_published":false,"footnotes":"","_links_to":"","_links_to_target":""},"categories":[],"tags":[],"class_list":["post-2","page","type-page","status-publish","has-post-thumbnail","hentry","gallery-content-unit"],"aioseo_notices":[],"yoast_head":"<!-- This site is optimized with the Yoast SEO plugin v27.1.1 - https:\/\/yoast.com\/product\/yoast-seo-wordpress\/ -->\n<title>A propos de ce site - Chroniques de la mangeoire<\/title>\n<meta name=\"robots\" content=\"index, follow, max-snippet:-1, max-image-preview:large, max-video-preview:-1\" \/>\n<link rel=\"canonical\" href=\"http:\/\/glacas.fr\/mangeoire\/page-d-exemple\/\" \/>\n<meta property=\"og:locale\" content=\"fr_FR\" \/>\n<meta property=\"og:type\" content=\"article\" \/>\n<meta property=\"og:title\" content=\"A propos de ce site - Chroniques de la mangeoire\" \/>\n<meta property=\"og:description\" content=\"&nbsp; &nbsp; &nbsp; Ce site a pour objectif de valoriser, sous forme de journal, les photos prises \u00e0 mes mangeoires durant l&rsquo;hiver. En effet, prenant pas mal de photos au quotidien des oiseaux qui viennent se nourrir dans les diff\u00e9rentes mangeoires, je ne les valorise pas toujours dans les autres pages comme ; La Garzette o\u00f9 je raconte des petites histoires inspir\u00e9es par La Hulotte Les Reportages o\u00f9 je raconte des d\u00e9couvertes de lieux ou d\u00a0\u00bb\u00e9v\u00e8nements La bestiole du jour avec une fiche d&rsquo;identit\u00e9 en photos C&rsquo;est donc un nouveau support o\u00f9 je mettrai, un peu en vrac, les photos de tous les habitu\u00e9s de mon jardin. J&rsquo;esp\u00e8re qu&rsquo;elles vous plairont et vous permettrons de partager ma passion pour les oiseaux.\" \/>\n<meta property=\"og:url\" content=\"http:\/\/glacas.fr\/mangeoire\/page-d-exemple\/\" \/>\n<meta property=\"og:site_name\" content=\"Chroniques de la mangeoire\" \/>\n<meta property=\"article:modified_time\" content=\"2017-01-31T13:32:38+00:00\" \/>\n<meta property=\"og:image\" content=\"https:\/\/i0.wp.com\/glacas.fr\/mangeoire\/wp-content\/uploads\/sites\/6\/2016\/01\/IMG_7507-Large.jpg?fit=1336%2C1080\" \/>\n\t<meta property=\"og:image:width\" content=\"1336\" \/>\n\t<meta property=\"og:image:height\" content=\"1080\" \/>\n\t<meta property=\"og:image:type\" content=\"image\/jpeg\" \/>\n<meta name=\"twitter:card\" content=\"summary_large_image\" \/>\n<meta name=\"twitter:label1\" content=\"Dur\u00e9e de lecture estim\u00e9e\" \/>\n\t<meta name=\"twitter:data1\" content=\"1 minute\" \/>\n<script type=\"application\/ld+json\" class=\"yoast-schema-graph\">{\"@context\":\"https:\/\/schema.org\",\"@graph\":[{\"@type\":\"WebPage\",\"@id\":\"http:\/\/glacas.fr\/mangeoire\/page-d-exemple\/\",\"url\":\"http:\/\/glacas.fr\/mangeoire\/page-d-exemple\/\",\"name\":\"A propos de ce site - Chroniques de la mangeoire\",\"isPartOf\":{\"@id\":\"http:\/\/glacas.fr\/mangeoire\/#website\"},\"primaryImageOfPage\":{\"@id\":\"http:\/\/glacas.fr\/mangeoire\/page-d-exemple\/#primaryimage\"},\"image\":{\"@id\":\"http:\/\/glacas.fr\/mangeoire\/page-d-exemple\/#primaryimage\"},\"thumbnailUrl\":\"https:\/\/i0.wp.com\/glacas.fr\/mangeoire\/wp-content\/uploads\/sites\/6\/2016\/01\/IMG_7507-Large.jpg?fit=1336%2C1080\",\"datePublished\":\"2016-01-03T18:30:33+00:00\",\"dateModified\":\"2017-01-31T13:32:38+00:00\",\"breadcrumb\":{\"@id\":\"http:\/\/glacas.fr\/mangeoire\/page-d-exemple\/#breadcrumb\"},\"inLanguage\":\"fr-FR\",\"potentialAction\":[{\"@type\":\"ReadAction\",\"target\":[\"http:\/\/glacas.fr\/mangeoire\/page-d-exemple\/\"]}]},{\"@type\":\"ImageObject\",\"inLanguage\":\"fr-FR\",\"@id\":\"http:\/\/glacas.fr\/mangeoire\/page-d-exemple\/#primaryimage\",\"url\":\"https:\/\/i0.wp.com\/glacas.fr\/mangeoire\/wp-content\/uploads\/sites\/6\/2016\/01\/IMG_7507-Large.jpg?fit=1336%2C1080\",\"contentUrl\":\"https:\/\/i0.wp.com\/glacas.fr\/mangeoire\/wp-content\/uploads\/sites\/6\/2016\/01\/IMG_7507-Large.jpg?fit=1336%2C1080\",\"width\":1336,\"height\":1080},{\"@type\":\"BreadcrumbList\",\"@id\":\"http:\/\/glacas.fr\/mangeoire\/page-d-exemple\/#breadcrumb\",\"itemListElement\":[{\"@type\":\"ListItem\",\"position\":1,\"name\":\"Accueil\",\"item\":\"http:\/\/glacas.fr\/mangeoire\/\"},{\"@type\":\"ListItem\",\"position\":2,\"name\":\"A propos de ce site\"}]},{\"@type\":\"WebSite\",\"@id\":\"http:\/\/glacas.fr\/mangeoire\/#website\",\"url\":\"http:\/\/glacas.fr\/mangeoire\/\",\"name\":\"Chroniques de la mangeoire\",\"description\":\"\",\"potentialAction\":[{\"@type\":\"SearchAction\",\"target\":{\"@type\":\"EntryPoint\",\"urlTemplate\":\"http:\/\/glacas.fr\/mangeoire\/?s={search_term_string}\"},\"query-input\":{\"@type\":\"PropertyValueSpecification\",\"valueRequired\":true,\"valueName\":\"search_term_string\"}}],\"inLanguage\":\"fr-FR\"}]}<\/script>\n<!-- \/ Yoast SEO plugin. -->","yoast_head_json":{"title":"A propos de ce site - Chroniques de la mangeoire","robots":{"index":"index","follow":"follow","max-snippet":"max-snippet:-1","max-image-preview":"max-image-preview:large","max-video-preview":"max-video-preview:-1"},"canonical":"http:\/\/glacas.fr\/mangeoire\/page-d-exemple\/","og_locale":"fr_FR","og_type":"article","og_title":"A propos de ce site - Chroniques de la mangeoire","og_description":"&nbsp; &nbsp; &nbsp; Ce site a pour objectif de valoriser, sous forme de journal, les photos prises \u00e0 mes mangeoires durant l&rsquo;hiver. En effet, prenant pas mal de photos au quotidien des oiseaux qui viennent se nourrir dans les diff\u00e9rentes mangeoires, je ne les valorise pas toujours dans les autres pages comme ; La Garzette o\u00f9 je raconte des petites histoires inspir\u00e9es par La Hulotte Les Reportages o\u00f9 je raconte des d\u00e9couvertes de lieux ou d\u00a0\u00bb\u00e9v\u00e8nements La bestiole du jour avec une fiche d&rsquo;identit\u00e9 en photos C&rsquo;est donc un nouveau support o\u00f9 je mettrai, un peu en vrac, les photos de tous les habitu\u00e9s de mon jardin. J&rsquo;esp\u00e8re qu&rsquo;elles vous plairont et vous permettrons de partager ma passion pour les oiseaux.","og_url":"http:\/\/glacas.fr\/mangeoire\/page-d-exemple\/","og_site_name":"Chroniques de la mangeoire","article_modified_time":"2017-01-31T13:32:38+00:00","og_image":[{"width":1336,"height":1080,"url":"https:\/\/i0.wp.com\/glacas.fr\/mangeoire\/wp-content\/uploads\/sites\/6\/2016\/01\/IMG_7507-Large.jpg?fit=1336%2C1080","type":"image\/jpeg"}],"twitter_card":"summary_large_image","twitter_misc":{"Dur\u00e9e de lecture estim\u00e9e":"1 minute"},"schema":{"@context":"https:\/\/schema.org","@graph":[{"@type":"WebPage","@id":"http:\/\/glacas.fr\/mangeoire\/page-d-exemple\/","url":"http:\/\/glacas.fr\/mangeoire\/page-d-exemple\/","name":"A propos de ce site - Chroniques de la mangeoire","isPartOf":{"@id":"http:\/\/glacas.fr\/mangeoire\/#website"},"primaryImageOfPage":{"@id":"http:\/\/glacas.fr\/mangeoire\/page-d-exemple\/#primaryimage"},"image":{"@id":"http:\/\/glacas.fr\/mangeoire\/page-d-exemple\/#primaryimage"},"thumbnailUrl":"https:\/\/i0.wp.com\/glacas.fr\/mangeoire\/wp-content\/uploads\/sites\/6\/2016\/01\/IMG_7507-Large.jpg?fit=1336%2C1080","datePublished":"2016-01-03T18:30:33+00:00","dateModified":"2017-01-31T13:32:38+00:00","breadcrumb":{"@id":"http:\/\/glacas.fr\/mangeoire\/page-d-exemple\/#breadcrumb"},"inLanguage":"fr-FR","potentialAction":[{"@type":"ReadAction","target":["http:\/\/glacas.fr\/mangeoire\/page-d-exemple\/"]}]},{"@type":"ImageObject","inLanguage":"fr-FR","@id":"http:\/\/glacas.fr\/mangeoire\/page-d-exemple\/#primaryimage","url":"https:\/\/i0.wp.com\/glacas.fr\/mangeoire\/wp-content\/uploads\/sites\/6\/2016\/01\/IMG_7507-Large.jpg?fit=1336%2C1080","contentUrl":"https:\/\/i0.wp.com\/glacas.fr\/mangeoire\/wp-content\/uploads\/sites\/6\/2016\/01\/IMG_7507-Large.jpg?fit=1336%2C1080","width":1336,"height":1080},{"@type":"BreadcrumbList","@id":"http:\/\/glacas.fr\/mangeoire\/page-d-exemple\/#breadcrumb","itemListElement":[{"@type":"ListItem","position":1,"name":"Accueil","item":"http:\/\/glacas.fr\/mangeoire\/"},{"@type":"ListItem","position":2,"name":"A propos de ce site"}]},{"@type":"WebSite","@id":"http:\/\/glacas.fr\/mangeoire\/#website","url":"http:\/\/glacas.fr\/mangeoire\/","name":"Chroniques de la mangeoire","description":"","potentialAction":[{"@type":"SearchAction","target":{"@type":"EntryPoint","urlTemplate":"http:\/\/glacas.fr\/mangeoire\/?s={search_term_string}"},"query-input":{"@type":"PropertyValueSpecification","valueRequired":true,"valueName":"search_term_string"}}],"inLanguage":"fr-FR"}]}},"jetpack_sharing_enabled":true,"jetpack_shortlink":"https:\/\/wp.me\/P75NbN-2","jetpack_likes_enabled":true,"_links":{"self":[{"href":"http:\/\/glacas.fr\/mangeoire\/wp-json\/wp\/v2\/pages\/2","targetHints":{"allow":["GET"]}}],"collection":[{"href":"http:\/\/glacas.fr\/mangeoire\/wp-json\/wp\/v2\/pages"}],"about":[{"href":"http:\/\/glacas.fr\/mangeoire\/wp-json\/wp\/v2\/types\/page"}],"author":[{"embeddable":true,"href":"http:\/\/glacas.fr\/mangeoire\/wp-json\/wp\/v2\/users\/1"}],"replies":[{"embeddable":true,"href":"http:\/\/glacas.fr\/mangeoire\/wp-json\/wp\/v2\/comments?post=2"}],"version-history":[{"count":30,"href":"http:\/\/glacas.fr\/mangeoire\/wp-json\/wp\/v2\/pages\/2\/revisions"}],"predecessor-version":[{"id":881,"href":"http:\/\/glacas.fr\/mangeoire\/wp-json\/wp\/v2\/pages\/2\/revisions\/881"}],"wp:featuredmedia":[{"embeddable":true,"href":"http:\/\/glacas.fr\/mangeoire\/wp-json\/wp\/v2\/media\/5"}],"wp:attachment":[{"href":"http:\/\/glacas.fr\/mangeoire\/wp-json\/wp\/v2\/media?parent=2"}],"wp:term":[{"taxonomy":"category","embeddable":true,"href":"http:\/\/glacas.fr\/mangeoire\/wp-json\/wp\/v2\/categories?post=2"},{"taxonomy":"post_tag","embeddable":true,"href":"http:\/\/glacas.fr\/mangeoire\/wp-json\/wp\/v2\/tags?post=2"}],"curies":[{"name":"wp","href":"https:\/\/api.w.org\/{rel}","templated":true}]}}