{"version":"1.0","provider_name":"Chroniques de la mangeoire","provider_url":"http:\/\/glacas.fr\/mangeoire","author_name":"Florent","author_url":"http:\/\/glacas.fr\/mangeoire\/author\/admin\/","title":"Une premi\u00e8re surprise pour ouvrir la saison II ! - Chroniques de la mangeoire","type":"rich","width":600,"height":338,"html":"<blockquote class=\"wp-embedded-content\" data-secret=\"jrSbsEKR1f\"><a href=\"http:\/\/glacas.fr\/mangeoire\/2016\/11\/20\/premiere-surprise-ouvrir-saison-ii\/\">Une premi\u00e8re surprise pour ouvrir la saison II !<\/a><\/blockquote><iframe sandbox=\"allow-scripts\" security=\"restricted\" src=\"http:\/\/glacas.fr\/mangeoire\/2016\/11\/20\/premiere-surprise-ouvrir-saison-ii\/embed\/#?secret=jrSbsEKR1f\" width=\"600\" height=\"338\" title=\"\u00ab\u00a0Une premi\u00e8re surprise pour ouvrir la saison II !\u00a0\u00bb &#8212; Chroniques de la mangeoire\" data-secret=\"jrSbsEKR1f\" frameborder=\"0\" marginwidth=\"0\" marginheight=\"0\" scrolling=\"no\" class=\"wp-embedded-content\"><\/iframe><script type=\"text\/javascript\">\n\/* <![CDATA[ *\/\n\/*! This file is auto-generated *\/\n!function(d,l){\"use strict\";l.querySelector&&d.addEventListener&&\"undefined\"!=typeof URL&&(d.wp=d.wp||{},d.wp.receiveEmbedMessage||(d.wp.receiveEmbedMessage=function(e){var t=e.data;if((t||t.secret||t.message||t.value)&&!\/[^a-zA-Z0-9]\/.test(t.secret)){for(var s,r,n,a=l.querySelectorAll('iframe[data-secret=\"'+t.secret+'\"]'),o=l.querySelectorAll('blockquote[data-secret=\"'+t.secret+'\"]'),c=new RegExp(\"^https?:$\",\"i\"),i=0;i<o.length;i++)o[i].style.display=\"none\";for(i=0;i<a.length;i++)s=a[i],e.source===s.contentWindow&&(s.removeAttribute(\"style\"),\"height\"===t.message?(1e3<(r=parseInt(t.value,10))?r=1e3:~~r<200&&(r=200),s.height=r):\"link\"===t.message&&(r=new URL(s.getAttribute(\"src\")),n=new URL(t.value),c.test(n.protocol))&&n.host===r.host&&l.activeElement===s&&(d.top.location.href=t.value))}},d.addEventListener(\"message\",d.wp.receiveEmbedMessage,!1),l.addEventListener(\"DOMContentLoaded\",function(){for(var e,t,s=l.querySelectorAll(\"iframe.wp-embedded-content\"),r=0;r<s.length;r++)(t=(e=s[r]).getAttribute(\"data-secret\"))||(t=Math.random().toString(36).substring(2,12),e.src+=\"#?secret=\"+t,e.setAttribute(\"data-secret\",t)),e.contentWindow.postMessage({message:\"ready\",secret:t},\"*\")},!1)))}(window,document);\n\/\/# sourceURL=http:\/\/glacas.fr\/mangeoire\/wp-includes\/js\/wp-embed.min.js\n\/* ]]> *\/\n<\/script>\n","description":"Aujourd&rsquo;hui 9 novembre 2016, la neige s&rsquo;est invit\u00e9e sur le Vercors et j&rsquo;ai d\u00e9cid\u00e9 de r\u00e9activer quelques unes des mangeoires. J&rsquo;ai \u00e9galement rouvert cette chronique pour vous faire partager durant tout l&rsquo;hiver, la saison II des aventures des visiteurs de mon jardin. Et comme on ne fait pas les choses \u00e0\u00a0 moiti\u00e9 dans \u00ab\u00a0Chroniques de la mangeoire\u00a0\u00bb, une star inconnue des plateaux est venue pour la premi\u00e8re fois nous rendre visite : la pie bavarde !","thumbnail_url":"http:\/\/glacas.fr\/mangeoire\/wp-content\/uploads\/sites\/6\/2016\/11\/IMG_2636-Large.jpg"}

Une première surprise pour ouvrir la saison II ! - Chroniques de la mangeoire

<blockquote class="wp-embedded-content" data-secret="jrSbsEKR1f"><a href="http://glacas.fr/mangeoire/2016/11/20/premiere-surprise-ouvrir-saison-ii/">Une première surprise pour ouvrir la saison II !</a></blockquote><iframe sandbox="allow-scripts" security="restricted" src="http://glacas.fr/mangeoire/2016/11/20/premiere-surprise-ouvrir-saison-ii/embed/#?secret=jrSbsEKR1f" width="600" height="338" title="« Une première surprise pour ouvrir la saison II ! » &#8212; Chroniques de la mangeoire" data-secret="jrSbsEKR1f" frameborder="0" marginwidth="0" marginheight="0" scrolling="no" class="wp-embedded-content"></iframe><script type="text/javascript">
/* <![CDATA[ */
/*! This file is auto-generated */
!function(d,l){"use strict";l.querySelector&&d.addEventListener&&"undefined"!=typeof URL&&(d.wp=d.wp||{},d.wp.receiveEmbedMessage||(d.wp.receiveEmbedMessage=function(e){var t=e.data;if((t||t.secret||t.message||t.value)&&!/[^a-zA-Z0-9]/.test(t.secret)){for(var s,r,n,a=l.querySelectorAll('iframe[data-secret="'+t.secret+'"]'),o=l.querySelectorAll('blockquote[data-secret="'+t.secret+'"]'),c=new RegExp("^https?:$","i"),i=0;i<o.length;i++)o[i].style.display="none";for(i=0;i<a.length;i++)s=a[i],e.source===s.contentWindow&&(s.removeAttribute("style"),"height"===t.message?(1e3<(r=parseInt(t.value,10))?r=1e3:~~r<200&&(r=200),s.height=r):"link"===t.message&&(r=new URL(s.getAttribute("src")),n=new URL(t.value),c.test(n.protocol))&&n.host===r.host&&l.activeElement===s&&(d.top.location.href=t.value))}},d.addEventListener("message",d.wp.receiveEmbedMessage,!1),l.addEventListener("DOMContentLoaded",function(){for(var e,t,s=l.querySelectorAll("iframe.wp-embedded-content"),r=0;r<s.length;r++)(t=(e=s[r]).getAttribute("data-secret"))||(t=Math.random().toString(36).substring(2,12),e.src+="#?secret="+t,e.setAttribute("data-secret",t)),e.contentWindow.postMessage({message:"ready",secret:t},"*")},!1)))}(window,document);
//# sourceURL=http://glacas.fr/mangeoire/wp-includes/js/wp-embed.min.js
/* ]]> */
</script>

Aujourd&rsquo;hui 9 novembre 2016, la neige s&rsquo;est invitée sur le Vercors et j&rsquo;ai décidé de réactiver quelques unes des mangeoires. J&rsquo;ai également rouvert cette chronique pour vous faire partager durant tout l&rsquo;hiver, la saison II des aventures des visiteurs de mon jardin. Et comme on ne fait pas les choses à  moitié dans « Chroniques de la mangeoire », une star inconnue des plateaux est venue pour la première fois nous rendre visite : la pie bavarde !
