{"id":913,"date":"2017-03-10T23:19:30","date_gmt":"2017-03-10T22:19:30","guid":{"rendered":"http:\/\/glacas.fr\/lantredemystara\/?page_id=913"},"modified":"2017-03-11T00:01:57","modified_gmt":"2017-03-10T23:01:57","slug":"mystara","status":"publish","type":"page","link":"http:\/\/glacas.fr\/lantredemystara\/mystara\/","title":{"rendered":"Mystara"},"content":{"rendered":"<h2 style=\"text-align: center;\">Le monde de Mystara<\/h2>\n<h2 style=\"text-align: center;\"><strong>\u00a0<\/strong><\/h2>\n<p>Pour ceux qui pensent que Mystara se limite \u00e0 quelques royaumes d\u00e9crits dans les gazetteers, voici de quoi mettre \u00e0 jour vos connaissances :<\/p>\n<p>&nbsp;<\/p>\n<div id=\"gallery-2\" class=\"gallery galleryid-2 default columns_3 gallery-columns-3  gallery-size-thumbnail \">\n<dl class=\"gallery-item gallery-startcol\">\n\t<dt class=\"gallery-icon\"><a href=\"http:\/\/glacas.fr\/lantredemystara\/mystara\/voyage-a-mystara\/\" title=\"\" class=\"rl-gallery-link no-lightbox\">\t\t\t<img loading=\"lazy\" decoding=\"async\" src=\"https:\/\/i0.wp.com\/glacas.fr\/lantredemystara\/wp-content\/uploads\/sites\/2\/2017\/03\/Mystara72mphclear-Large.jpg?resize=250%2C250\" width=\"250\" height=\"250\" title=\"\" class=\"attachment-thumbnail colorbox-913\" alt=\"\" \/><\/a>\t<\/dt>\n\t\t<dd class=\"wp-caption-text gallery-caption\">\n\t\tVoyage interactif\t<\/dd><\/dl>\n<dl class=\"gallery-item\">\n\t<dt class=\"gallery-icon\"><a href=\"http:\/\/glacas.fr\/lantredemystara\/mystara\/geographie\/\" title=\"\" class=\"rl-gallery-link no-lightbox\">\t\t\t<img loading=\"lazy\" decoding=\"async\" src=\"https:\/\/i0.wp.com\/glacas.fr\/lantredemystara\/wp-content\/uploads\/sites\/2\/2017\/03\/Mystara-2016-2e-render-13-sm.jpg?resize=250%2C250\" width=\"250\" height=\"250\" title=\"\" class=\"attachment-thumbnail colorbox-913\" alt=\"\" \/><\/a>\t<\/dt>\n\t\t<dd class=\"wp-caption-text gallery-caption\">\n\t\tUn peu de g\u00e9ographie\t<\/dd><\/dl>\n<dl class=\"gallery-item gallery-endcol\">\n\t<dt class=\"gallery-icon\"><a href=\"http:\/\/glacas.fr\/lantredemystara\/mystara\/creation-de-mystara\/\" title=\"\" class=\"rl-gallery-link no-lightbox\">\t\t\t<img loading=\"lazy\" decoding=\"async\" src=\"https:\/\/i0.wp.com\/glacas.fr\/lantredemystara\/wp-content\/uploads\/sites\/2\/2017\/03\/expert-set-known-world-24-original-colours.png?resize=250%2C250\" width=\"250\" height=\"250\" title=\"\" class=\"attachment-thumbnail colorbox-913\" alt=\"\" \/><\/a>\t<\/dt>\n\t\t<dd class=\"wp-caption-text gallery-caption\">\n\t\tCr\u00e9ation du l'univers de jeu\t<\/dd><\/dl>\n\n<br class='clear' \/>\n\n\n<\/div>\n","protected":false},"excerpt":{"rendered":"<p>Le monde de Mystara \u00a0 Pour ceux qui pensent que Mystara se limite \u00e0 quelques royaumes d\u00e9crits dans les gazetteers, voici de quoi mettre \u00e0 jour vos connaissances : &nbsp;<\/p>\n<p class=\"continue-reading-button\"> <a class=\"continue-reading-link\" href=\"http:\/\/glacas.fr\/lantredemystara\/mystara\/\">Suite<i class=\"crycon-right-dir\"><\/i><\/a><\/p>\n","protected":false},"author":1,"featured_media":0,"parent":0,"menu_order":1,"comment_status":"closed","ping_status":"closed","template":"","meta":{"ngg_post_thumbnail":0,"jetpack_post_was_ever_published":false,"footnotes":"","_links_to":"","_links_to_target":""},"categories":[1],"tags":[],"class_list":["post-913","page","type-page","status-publish","hentry","category-non-classe","gallery-content-unit"],"aioseo_notices":[],"jetpack_sharing_enabled":true,"jetpack_shortlink":"https:\/\/wp.me\/P4nvCJ-eJ","_links":{"self":[{"href":"http:\/\/glacas.fr\/lantredemystara\/wp-json\/wp\/v2\/pages\/913","targetHints":{"allow":["GET"]}}],"collection":[{"href":"http:\/\/glacas.fr\/lantredemystara\/wp-json\/wp\/v2\/pages"}],"about":[{"href":"http:\/\/glacas.fr\/lantredemystara\/wp-json\/wp\/v2\/types\/page"}],"author":[{"embeddable":true,"href":"http:\/\/glacas.fr\/lantredemystara\/wp-json\/wp\/v2\/users\/1"}],"replies":[{"embeddable":true,"href":"http:\/\/glacas.fr\/lantredemystara\/wp-json\/wp\/v2\/comments?post=913"}],"version-history":[{"count":9,"href":"http:\/\/glacas.fr\/lantredemystara\/wp-json\/wp\/v2\/pages\/913\/revisions"}],"predecessor-version":[{"id":964,"href":"http:\/\/glacas.fr\/lantredemystara\/wp-json\/wp\/v2\/pages\/913\/revisions\/964"}],"wp:attachment":[{"href":"http:\/\/glacas.fr\/lantredemystara\/wp-json\/wp\/v2\/media?parent=913"}],"wp:term":[{"taxonomy":"category","embeddable":true,"href":"http:\/\/glacas.fr\/lantredemystara\/wp-json\/wp\/v2\/categories?post=913"},{"taxonomy":"post_tag","embeddable":true,"href":"http:\/\/glacas.fr\/lantredemystara\/wp-json\/wp\/v2\/tags?post=913"}],"curies":[{"name":"wp","href":"https:\/\/api.w.org\/{rel}","templated":true}]}}