{"id":870,"date":"2017-03-10T14:03:17","date_gmt":"2017-03-10T13:03:17","guid":{"rendered":"http:\/\/glacas.fr\/lantredemystara\/?page_id=870"},"modified":"2020-03-20T18:24:53","modified_gmt":"2020-03-20T17:24:53","slug":"ylaruam","status":"publish","type":"page","link":"http:\/\/glacas.fr\/lantredemystara\/mystara\/voyage-a-mystara\/mystara\/continent-de-brun\/monde-connu\/ylaruam\/","title":{"rendered":"Ylaruam"},"content":{"rendered":"<h2 style=\"text-align: center;\"><strong>Les \u00c9mirats d&rsquo;Ylaruam<\/strong><\/h2>\n<p style=\"text-align: center;\"><a href=\"http:\/\/glacas.fr\/lantredemystara\/mystara\/voyage-a-mystara\/mystara\/continent-de-brun\/monde-connu\/ylaruam\/emirats\/\" rel=\"attachment wp-att-1035\"><img data-recalc-dims=\"1\" loading=\"lazy\" decoding=\"async\" class=\"alignnone size-full wp-image-1035 colorbox-870\" src=\"https:\/\/i0.wp.com\/glacas.fr\/lantredemystara\/wp-content\/uploads\/sites\/2\/2017\/03\/Emirats.jpg?resize=350%2C469\" alt=\"\" width=\"350\" height=\"469\" srcset=\"https:\/\/i0.wp.com\/glacas.fr\/lantredemystara\/wp-content\/uploads\/sites\/2\/2017\/03\/Emirats.jpg?w=350 350w, https:\/\/i0.wp.com\/glacas.fr\/lantredemystara\/wp-content\/uploads\/sites\/2\/2017\/03\/Emirats.jpg?resize=224%2C300 224w, https:\/\/i0.wp.com\/glacas.fr\/lantredemystara\/wp-content\/uploads\/sites\/2\/2017\/03\/Emirats.jpg?resize=112%2C150 112w\" sizes=\"auto, (max-width: 350px) 100vw, 350px\" \/><\/a><\/p>\n<p style=\"text-align: center;\"><a href=\"http:\/\/glacas.fr\/lantredemystara\/mystara\/voyage-a-mystara\/mystara\/continent-de-brun\/monde-connu\/ylaruam\/ylaruam-8-escarpment\/\" rel=\"attachment wp-att-871\"><img data-recalc-dims=\"1\" loading=\"lazy\" decoding=\"async\" class=\"alignnone size-full wp-image-871 colorbox-870\" src=\"https:\/\/i0.wp.com\/glacas.fr\/lantredemystara\/wp-content\/uploads\/sites\/2\/2017\/03\/ylaruam-8-escarpment.png?resize=950%2C657\" alt=\"\" width=\"950\" height=\"657\" srcset=\"https:\/\/i0.wp.com\/glacas.fr\/lantredemystara\/wp-content\/uploads\/sites\/2\/2017\/03\/ylaruam-8-escarpment.png?w=1444 1444w, https:\/\/i0.wp.com\/glacas.fr\/lantredemystara\/wp-content\/uploads\/sites\/2\/2017\/03\/ylaruam-8-escarpment.png?resize=300%2C207 300w, https:\/\/i0.wp.com\/glacas.fr\/lantredemystara\/wp-content\/uploads\/sites\/2\/2017\/03\/ylaruam-8-escarpment.png?resize=1024%2C708 1024w, https:\/\/i0.wp.com\/glacas.fr\/lantredemystara\/wp-content\/uploads\/sites\/2\/2017\/03\/ylaruam-8-escarpment.png?resize=217%2C150 217w, https:\/\/i0.wp.com\/glacas.fr\/lantredemystara\/wp-content\/uploads\/sites\/2\/2017\/03\/ylaruam-8-escarpment.png?resize=150%2C104 150w\" sizes=\"auto, (max-width: 950px) 100vw, 950px\" \/><\/a><\/p>\n<p style=\"text-align: justify;\">Ce territoire est d\u00e9crit dans le Gazetteer N\u00b02<\/p>\n<p><strong>Introduction :<\/strong><\/p>\n<p>Ylaruam est construite \u00e0 proximit\u00e9 de la plus grande oasis des D\u00e9serts Alasiyens. Elle est au centre des routes de caravanes allant du Nord au Sud et de I&rsquo;Est \u00e0 I&rsquo;Ouest.<\/p>\n<p>Elle est contr\u00f4l\u00e9e par I&rsquo;Emir d&rsquo;Ylaruam et sa famille royale. Leur culture est similaire \u00e0 celle des \u00e9tats des d\u00e9serts d&rsquo;Arabie, ou \u00e0 celle des cit\u00e9s-\u00e9tats d&rsquo;Asie Centrale (Palmyre, Damas, Samarkand).<\/p>\n","protected":false},"excerpt":{"rendered":"<p>Les \u00c9mirats d&rsquo;Ylaruam Ce territoire est d\u00e9crit dans le Gazetteer N\u00b02 Introduction : Ylaruam est construite \u00e0 proximit\u00e9 de la plus grande oasis des D\u00e9serts Alasiyens. Elle est au centre des routes de caravanes allant du Nord au Sud et de I&rsquo;Est \u00e0 I&rsquo;Ouest. Elle est contr\u00f4l\u00e9e par I&rsquo;Emir d&rsquo;Ylaruam<\/p>\n<p class=\"continue-reading-button\"> <a class=\"continue-reading-link\" href=\"http:\/\/glacas.fr\/lantredemystara\/mystara\/voyage-a-mystara\/mystara\/continent-de-brun\/monde-connu\/ylaruam\/\">Suite<i class=\"crycon-right-dir\"><\/i><\/a><\/p>\n","protected":false},"author":1,"featured_media":0,"parent":877,"menu_order":1,"comment_status":"closed","ping_status":"closed","template":"","meta":{"ngg_post_thumbnail":0,"jetpack_post_was_ever_published":false,"footnotes":"","_links_to":"","_links_to_target":""},"categories":[1],"tags":[],"class_list":["post-870","page","type-page","status-publish","hentry","category-non-classe","gallery-content-unit"],"aioseo_notices":[],"jetpack_sharing_enabled":true,"jetpack_shortlink":"https:\/\/wp.me\/P4nvCJ-e2","_links":{"self":[{"href":"http:\/\/glacas.fr\/lantredemystara\/wp-json\/wp\/v2\/pages\/870","targetHints":{"allow":["GET"]}}],"collection":[{"href":"http:\/\/glacas.fr\/lantredemystara\/wp-json\/wp\/v2\/pages"}],"about":[{"href":"http:\/\/glacas.fr\/lantredemystara\/wp-json\/wp\/v2\/types\/page"}],"author":[{"embeddable":true,"href":"http:\/\/glacas.fr\/lantredemystara\/wp-json\/wp\/v2\/users\/1"}],"replies":[{"embeddable":true,"href":"http:\/\/glacas.fr\/lantredemystara\/wp-json\/wp\/v2\/comments?post=870"}],"version-history":[{"count":4,"href":"http:\/\/glacas.fr\/lantredemystara\/wp-json\/wp\/v2\/pages\/870\/revisions"}],"predecessor-version":[{"id":2616,"href":"http:\/\/glacas.fr\/lantredemystara\/wp-json\/wp\/v2\/pages\/870\/revisions\/2616"}],"up":[{"embeddable":true,"href":"http:\/\/glacas.fr\/lantredemystara\/wp-json\/wp\/v2\/pages\/877"}],"wp:attachment":[{"href":"http:\/\/glacas.fr\/lantredemystara\/wp-json\/wp\/v2\/media?parent=870"}],"wp:term":[{"taxonomy":"category","embeddable":true,"href":"http:\/\/glacas.fr\/lantredemystara\/wp-json\/wp\/v2\/categories?post=870"},{"taxonomy":"post_tag","embeddable":true,"href":"http:\/\/glacas.fr\/lantredemystara\/wp-json\/wp\/v2\/tags?post=870"}],"curies":[{"name":"wp","href":"https:\/\/api.w.org\/{rel}","templated":true}]}}