{"id":28,"date":"2014-02-24T10:57:18","date_gmt":"2014-02-24T09:57:18","guid":{"rendered":"http:\/\/glacas.fr\/lantredemystara\/?page_id=28"},"modified":"2017-03-15T12:41:49","modified_gmt":"2017-03-15T11:41:49","slug":"vous-avez-dit-dd","status":"publish","type":"page","link":"http:\/\/glacas.fr\/lantredemystara\/vous-avez-dit-dd\/","title":{"rendered":"Vous avez dit D&#038;D ?"},"content":{"rendered":"<p style=\"text-align: center;\"><span style=\"font-size: large;\"><b><span style=\"font-size: x-large;\">Vous avez dit Donjons &amp; Dragons ?<\/span><\/b><\/span><\/p>\n<p style=\"text-align: center;\"><img data-recalc-dims=\"1\" loading=\"lazy\" decoding=\"async\" class=\"alignnone wp-image-1497 colorbox-28\" src=\"https:\/\/i0.wp.com\/glacas.fr\/lantredemystara\/wp-content\/uploads\/sites\/2\/2014\/02\/DD_Basic2.jpg?resize=349%2C340\" alt=\"\" width=\"349\" height=\"340\" srcset=\"https:\/\/i0.wp.com\/glacas.fr\/lantredemystara\/wp-content\/uploads\/sites\/2\/2014\/02\/DD_Basic2.jpg?w=814 814w, https:\/\/i0.wp.com\/glacas.fr\/lantredemystara\/wp-content\/uploads\/sites\/2\/2014\/02\/DD_Basic2.jpg?resize=300%2C293 300w, https:\/\/i0.wp.com\/glacas.fr\/lantredemystara\/wp-content\/uploads\/sites\/2\/2014\/02\/DD_Basic2.jpg?resize=154%2C150 154w, https:\/\/i0.wp.com\/glacas.fr\/lantredemystara\/wp-content\/uploads\/sites\/2\/2014\/02\/DD_Basic2.jpg?resize=150%2C146 150w\" sizes=\"auto, (max-width: 349px) 100vw, 349px\" \/><\/p>\n<p style=\"text-align: justify;\">Donjons et Dragons reste le jeu de r\u00f4le le plus r\u00e9pandu et le plus jou\u00e9 dans le monde des r\u00f4listes. Mais derri\u00e8re ce nom g\u00e9n\u00e9rique, de nombreuses versions diff\u00e9rentes ont vu le jour depuis 1974.<\/p>\n<p><span style=\"font-size: large;\"><b>Un peu d\u2019histoire :<\/b><\/span><\/p>\n<p style=\"text-align: justify;\">Donjons et Dragons, de l&rsquo;anglais Dungeons &amp; Dragons (Dungeons se traduit pourtant par oubliettes ou cachots\u2026), est un jeu de r\u00f4le m\u00e9di\u00e9val-fantastique cr\u00e9\u00e9 par E. <b>Gary Gygax<\/b> et <b>Dave Arneson<\/b> dans les ann\u00e9es 1970. C&rsquo;est en fait le premier jeu de r\u00f4le publi\u00e9 et commercialis\u00e9.<\/p>\n<p style=\"text-align: justify;\">Donjons et dragons est donc issu directement des wargames et particuli\u00e8rement d&rsquo;un nomm\u00e9 <a href=\"http:\/\/fr.wikipedia.org\/wiki\/Chainmail\">Chainmail<\/a> . Gary Gygax et Dave Arneson pensaient le faire \u00e9voluer en y incorporant un jeu o\u00f9 les h\u00e9ros de wargames vivraient des aventures entre leurs grandes campagnes militaires.<\/p>\n<p style=\"text-align: justify;\">Bien sur,\u00a0 le jeu de r\u00f4le existait d\u00e9j\u00e0 en psychologie, dans le th\u00e9\u00e2tre et\u00a0 sous d&rsquo;autres formes et d&rsquo;autres noms, mais ils furent les premiers \u00e0 le situer dans n contexte m\u00e9di\u00e9val fantastique, \u00e0 le formaliser et \u00e0 lui donner des r\u00e8gles.<\/p>\n<p>&nbsp;<\/p>\n<div id=\"attachment_1548\" style=\"width: 243px\" class=\"wp-caption alignleft\"><a href=\"http:\/\/glacas.fr\/lantredemystara\/vous-avez-dit-dd\/un-peu-dhistoire\/\"><img data-recalc-dims=\"1\" loading=\"lazy\" decoding=\"async\" aria-describedby=\"caption-attachment-1548\" class=\"wp-image-1548 size-medium colorbox-28\" src=\"https:\/\/i0.wp.com\/glacas.fr\/lantredemystara\/wp-content\/uploads\/sites\/2\/2014\/02\/DD_basic.jpg?resize=233%2C300\" alt=\"\" width=\"233\" height=\"300\" srcset=\"https:\/\/i0.wp.com\/glacas.fr\/lantredemystara\/wp-content\/uploads\/sites\/2\/2014\/02\/DD_basic.jpg?resize=233%2C300 233w, https:\/\/i0.wp.com\/glacas.fr\/lantredemystara\/wp-content\/uploads\/sites\/2\/2014\/02\/DD_basic.jpg?resize=117%2C150 117w, https:\/\/i0.wp.com\/glacas.fr\/lantredemystara\/wp-content\/uploads\/sites\/2\/2014\/02\/DD_basic.jpg?w=400 400w\" sizes=\"auto, (max-width: 233px) 100vw, 233px\" \/><\/a><p id=\"caption-attachment-1548\" class=\"wp-caption-text\">Les diff\u00e9rentes versions de Donjon &amp; Dragons<\/p><\/div>\n<div id=\"attachment_1549\" style=\"width: 244px\" class=\"wp-caption alignleft\"><a href=\"http:\/\/glacas.fr\/lantredemystara\/vous-avez-dit-dd\/la-gamme-dd-becmi\/\"><img data-recalc-dims=\"1\" loading=\"lazy\" decoding=\"async\" aria-describedby=\"caption-attachment-1549\" class=\"wp-image-1549 size-medium colorbox-28\" src=\"https:\/\/i0.wp.com\/glacas.fr\/lantredemystara\/wp-content\/uploads\/sites\/2\/2014\/02\/Gazetteer_Alpheim.jpg?resize=234%2C300\" alt=\"\" width=\"234\" height=\"300\" srcset=\"https:\/\/i0.wp.com\/glacas.fr\/lantredemystara\/wp-content\/uploads\/sites\/2\/2014\/02\/Gazetteer_Alpheim.jpg?resize=234%2C300 234w, https:\/\/i0.wp.com\/glacas.fr\/lantredemystara\/wp-content\/uploads\/sites\/2\/2014\/02\/Gazetteer_Alpheim.jpg?resize=117%2C150 117w, https:\/\/i0.wp.com\/glacas.fr\/lantredemystara\/wp-content\/uploads\/sites\/2\/2014\/02\/Gazetteer_Alpheim.jpg?w=350 350w\" sizes=\"auto, (max-width: 234px) 100vw, 234px\" \/><\/a><p id=\"caption-attachment-1549\" class=\"wp-caption-text\">la gamme pour D&amp;D BECMI et pour Mystara<\/p><\/div>\n<div id=\"attachment_1550\" style=\"width: 235px\" class=\"wp-caption alignleft\"><a href=\"http:\/\/glacas.fr\/lantredemystara\/vous-avez-dit-dd\/liens\/\"><img data-recalc-dims=\"1\" loading=\"lazy\" decoding=\"async\" aria-describedby=\"caption-attachment-1550\" class=\"wp-image-1550 size-medium colorbox-28\" src=\"https:\/\/i0.wp.com\/glacas.fr\/lantredemystara\/wp-content\/uploads\/sites\/2\/2014\/02\/1488691339.jpg?resize=225%2C300\" alt=\"\" width=\"225\" height=\"300\" srcset=\"https:\/\/i0.wp.com\/glacas.fr\/lantredemystara\/wp-content\/uploads\/sites\/2\/2014\/02\/1488691339.jpg?resize=225%2C300 225w, https:\/\/i0.wp.com\/glacas.fr\/lantredemystara\/wp-content\/uploads\/sites\/2\/2014\/02\/1488691339.jpg?w=768 768w, https:\/\/i0.wp.com\/glacas.fr\/lantredemystara\/wp-content\/uploads\/sites\/2\/2014\/02\/1488691339.jpg?resize=113%2C150 113w\" sizes=\"auto, (max-width: 225px) 100vw, 225px\" \/><\/a><p id=\"caption-attachment-1550\" class=\"wp-caption-text\">Des sites de fans et des ressources<\/p><\/div>\n<p>&nbsp;<\/p>\n<p>&nbsp;<\/p>\n<p>&nbsp;<\/p>\n<p>&nbsp;<\/p>\n<p>&nbsp;<\/p>\n<p>&nbsp;<\/p>\n<p>&nbsp;<\/p>\n<p>&nbsp;<\/p>\n<p>&nbsp;<\/p>\n<p>&nbsp;<\/p>\n","protected":false},"excerpt":{"rendered":"<p>Vous avez dit Donjons &amp; Dragons ? Donjons et Dragons reste le jeu de r\u00f4le le plus r\u00e9pandu et le plus jou\u00e9 dans le monde des r\u00f4listes. Mais derri\u00e8re ce nom g\u00e9n\u00e9rique, de nombreuses versions diff\u00e9rentes ont vu le jour depuis 1974. Un peu d\u2019histoire : Donjons et Dragons, de<\/p>\n<p class=\"continue-reading-button\"> <a class=\"continue-reading-link\" href=\"http:\/\/glacas.fr\/lantredemystara\/vous-avez-dit-dd\/\">Suite<i class=\"crycon-right-dir\"><\/i><\/a><\/p>\n","protected":false},"author":1,"featured_media":0,"parent":0,"menu_order":7,"comment_status":"open","ping_status":"open","template":"","meta":{"ngg_post_thumbnail":0,"jetpack_post_was_ever_published":false,"footnotes":"","_links_to":"","_links_to_target":""},"categories":[],"tags":[],"class_list":["post-28","page","type-page","status-publish","hentry","gallery-content-unit"],"aioseo_notices":[],"jetpack_sharing_enabled":true,"jetpack_shortlink":"https:\/\/wp.me\/P4nvCJ-s","_links":{"self":[{"href":"http:\/\/glacas.fr\/lantredemystara\/wp-json\/wp\/v2\/pages\/28","targetHints":{"allow":["GET"]}}],"collection":[{"href":"http:\/\/glacas.fr\/lantredemystara\/wp-json\/wp\/v2\/pages"}],"about":[{"href":"http:\/\/glacas.fr\/lantredemystara\/wp-json\/wp\/v2\/types\/page"}],"author":[{"embeddable":true,"href":"http:\/\/glacas.fr\/lantredemystara\/wp-json\/wp\/v2\/users\/1"}],"replies":[{"embeddable":true,"href":"http:\/\/glacas.fr\/lantredemystara\/wp-json\/wp\/v2\/comments?post=28"}],"version-history":[{"count":28,"href":"http:\/\/glacas.fr\/lantredemystara\/wp-json\/wp\/v2\/pages\/28\/revisions"}],"predecessor-version":[{"id":1555,"href":"http:\/\/glacas.fr\/lantredemystara\/wp-json\/wp\/v2\/pages\/28\/revisions\/1555"}],"wp:attachment":[{"href":"http:\/\/glacas.fr\/lantredemystara\/wp-json\/wp\/v2\/media?parent=28"}],"wp:term":[{"taxonomy":"category","embeddable":true,"href":"http:\/\/glacas.fr\/lantredemystara\/wp-json\/wp\/v2\/categories?post=28"},{"taxonomy":"post_tag","embeddable":true,"href":"http:\/\/glacas.fr\/lantredemystara\/wp-json\/wp\/v2\/tags?post=28"}],"curies":[{"name":"wp","href":"https:\/\/api.w.org\/{rel}","templated":true}]}}