{"id":148,"date":"2014-02-26T22:35:57","date_gmt":"2014-02-26T21:35:57","guid":{"rendered":"http:\/\/glacas.fr\/lantredemystara\/?page_id=148"},"modified":"2017-03-06T22:16:14","modified_gmt":"2017-03-06T21:16:14","slug":"situation-geographique","status":"publish","type":"page","link":"http:\/\/glacas.fr\/lantredemystara\/decors-de-campagne2\/la-baronnie-dachelos\/situation-geographique\/","title":{"rendered":"Situation g\u00e9ographique"},"content":{"rendered":"<p style=\"text-align: justify;\">La Baronnie d&rsquo;Achelos se situe dans le Know World, au <b>sud-est du continent de Brun<\/b>,<\/p>\n<p style=\"text-align: justify;\"><img data-recalc-dims=\"1\" loading=\"lazy\" decoding=\"async\" class=\"aligncenter colorbox-148\" src=\"https:\/\/i0.wp.com\/glacas.fr\/lantredemystara\/wp-content\/uploads\/sites\/2\/2014\/02\/Mystara_globe_Achelos.jpg?resize=887%2C482\" alt=\"Mystara_globe_Achelos\" width=\"887\" height=\"482\" \/><\/p>\n<p style=\"text-align: justify;\">Elle est localis\u00e9 dans un des 14 \u00e9tats de ce bout du continent, dans le <b>royaume de Karameikos<\/b> (ex grand Duch\u00e9 de Karameikos),<\/p>\n<p style=\"text-align: justify;\"><img data-recalc-dims=\"1\" loading=\"lazy\" decoding=\"async\" class=\"aligncenter colorbox-148\" src=\"https:\/\/i0.wp.com\/glacas.fr\/lantredemystara\/wp-content\/uploads\/sites\/2\/2014\/02\/wrath-known-world-24-1010ac_Achelos.jpg?resize=635%2C657\" alt=\"\" width=\"635\" height=\"657\" \/><\/p>\n<p style=\"text-align: justify;\">La Baronnie est localis\u00e9e au <b>nord-ouest du Royaume de Karameikos<\/b>, sur les bords de la <b>rivi\u00e8re Achelos<\/b>.<\/p>\n<p style=\"text-align: justify;\"><img data-recalc-dims=\"1\" loading=\"lazy\" decoding=\"async\" class=\"aligncenter colorbox-148\" src=\"https:\/\/i0.wp.com\/glacas.fr\/lantredemystara\/wp-content\/uploads\/sites\/2\/2014\/02\/karameikos-8_Achelos.jpg?resize=621%2C714\" alt=\"\" width=\"621\" height=\"714\" \/><\/p>\n<p style=\"text-align: justify;\">La baronnie d&rsquo;Achelos fait partie du Royaume de Karameikos mais vu sa situation excentr\u00e9e et proche des <b>montagnes des Pics Noirs<\/b>, elle se situe \u00e0 proximit\u00e9 des territoires de <b>nombreuses tribus d&rsquo;Humano\u00efdes<\/b> comme les Ogres, les Gnolls, les Hobgobelins et autres Orques.<\/p>\n<p style=\"text-align: justify;\">Autant dire que la paix relative qui y r\u00e8gne est toujours \u00e0 la merci d&rsquo;un raid d&rsquo;humano\u00efdes un peu plus audacieux que d&rsquo;habitude&#8230;<\/p>\n<p>Elle est distante de 30 km de la route reliant Luln au Ch\u00e2teau fort du Confluent. Luln est situ\u00e9e \u00e0 80 Km du domaine.<\/p>\n<p>Le ch\u00e2teau fort du Confluent, dont le r\u00f4le est de prot\u00e9ger la fronti\u00e8re avec les cinq Comt\u00e9s, est distant de 45 Km du domaine.<\/p>\n<p style=\"text-align: justify;\"><img data-recalc-dims=\"1\" loading=\"lazy\" decoding=\"async\" class=\"aligncenter colorbox-148\" src=\"https:\/\/i0.wp.com\/glacas.fr\/lantredemystara\/wp-content\/uploads\/sites\/2\/2014\/02\/Achelos_situation1.jpg?resize=618%2C725\" alt=\"Achelos_situation\" width=\"618\" height=\"725\" \/><\/p>\n<p>Le domaine a une surface est de 325 km\u00b2. Il mesure 25 km du sud-ouest au nord-est, et 13 km du nord au sud. Il est partag\u00e9 en deux par la rivi\u00e8re Achelos.<\/p>\n<div id=\"attachment_143\" style=\"width: 616px\" class=\"wp-caption aligncenter\"><img data-recalc-dims=\"1\" loading=\"lazy\" decoding=\"async\" aria-describedby=\"caption-attachment-143\" class=\" colorbox-148\" src=\"https:\/\/i0.wp.com\/glacas.fr\/lantredemystara\/wp-content\/uploads\/sites\/2\/2014\/02\/Achelos52.jpg?resize=606%2C402\" alt=\" La Baronnie\" width=\"606\" height=\"402\" \/><p id=\"caption-attachment-143\" class=\"wp-caption-text\">La Baronnie<\/p><\/div>\n<p>&nbsp;<\/p>\n<p>La r\u00e9gion est constitu\u00e9e de <b>collines verdoyantes<\/b> o\u00f9 souffle souvent un fort vent. La baronnie est tr\u00e8s peu bois\u00e9, essentiellement au sud-ouest. La v\u00e9g\u00e9tation \u00e9volue vers <b>la lande<\/b> au fur et \u00e0 mesure que l&rsquo;on remonte la rivi\u00e8re.<\/p>\n<p>Le climat est temp\u00e9r\u00e9 \u00e0 tendance froide. Les vents qui soufflent des montagnes des Pics Noirs balayent fr\u00e9quemment du nord ou du nord-est.<\/p>\n<p>C&rsquo;est une<b> terre d&rsquo;\u00e9levage<\/b> de b\u0153ufs et de moutons. L\u2019agriculture y est essentiellement vivri\u00e8re.<\/p>\n<p>&nbsp;<\/p>\n<p><strong>Autres pages :<\/strong><\/p>\n<ul>\n<li><a href=\"http:\/\/glacas.fr\/lantredemystara\/decors-de-campagne2\/la-baronnie-dachelos\/decription-generale\/\" target=\"_blank\">Description g\u00e9n\u00e9rale de la baronnie<\/a><\/li>\n<li><a href=\"http:\/\/glacas.fr\/lantredemystara\/decors-de-campagne2\/la-baronnie-dachelos\/lhistoire-de-la-baronnie\/\" target=\"_blank\">L&rsquo;histoire de la baronnie<\/a><\/li>\n<\/ul>\n","protected":false},"excerpt":{"rendered":"<p>La Baronnie d&rsquo;Achelos se situe dans le Know World, au sud-est du continent de Brun, Elle est localis\u00e9 dans un des 14 \u00e9tats de ce bout du continent, dans le royaume de Karameikos (ex grand Duch\u00e9 de Karameikos), La Baronnie est localis\u00e9e au nord-ouest du Royaume de Karameikos, sur les<\/p>\n<p class=\"continue-reading-button\"> <a class=\"continue-reading-link\" href=\"http:\/\/glacas.fr\/lantredemystara\/decors-de-campagne2\/la-baronnie-dachelos\/situation-geographique\/\">Suite<i class=\"crycon-right-dir\"><\/i><\/a><\/p>\n","protected":false},"author":1,"featured_media":0,"parent":62,"menu_order":2,"comment_status":"open","ping_status":"open","template":"","meta":{"ngg_post_thumbnail":0,"jetpack_post_was_ever_published":false,"footnotes":"","_links_to":"","_links_to_target":""},"categories":[],"tags":[],"class_list":["post-148","page","type-page","status-publish","hentry","gallery-content-unit"],"aioseo_notices":[],"jetpack_sharing_enabled":true,"jetpack_shortlink":"https:\/\/wp.me\/P4nvCJ-2o","_links":{"self":[{"href":"http:\/\/glacas.fr\/lantredemystara\/wp-json\/wp\/v2\/pages\/148","targetHints":{"allow":["GET"]}}],"collection":[{"href":"http:\/\/glacas.fr\/lantredemystara\/wp-json\/wp\/v2\/pages"}],"about":[{"href":"http:\/\/glacas.fr\/lantredemystara\/wp-json\/wp\/v2\/types\/page"}],"author":[{"embeddable":true,"href":"http:\/\/glacas.fr\/lantredemystara\/wp-json\/wp\/v2\/users\/1"}],"replies":[{"embeddable":true,"href":"http:\/\/glacas.fr\/lantredemystara\/wp-json\/wp\/v2\/comments?post=148"}],"version-history":[{"count":16,"href":"http:\/\/glacas.fr\/lantredemystara\/wp-json\/wp\/v2\/pages\/148\/revisions"}],"predecessor-version":[{"id":783,"href":"http:\/\/glacas.fr\/lantredemystara\/wp-json\/wp\/v2\/pages\/148\/revisions\/783"}],"up":[{"embeddable":true,"href":"http:\/\/glacas.fr\/lantredemystara\/wp-json\/wp\/v2\/pages\/62"}],"wp:attachment":[{"href":"http:\/\/glacas.fr\/lantredemystara\/wp-json\/wp\/v2\/media?parent=148"}],"wp:term":[{"taxonomy":"category","embeddable":true,"href":"http:\/\/glacas.fr\/lantredemystara\/wp-json\/wp\/v2\/categories?post=148"},{"taxonomy":"post_tag","embeddable":true,"href":"http:\/\/glacas.fr\/lantredemystara\/wp-json\/wp\/v2\/tags?post=148"}],"curies":[{"name":"wp","href":"https:\/\/api.w.org\/{rel}","templated":true}]}}