{"id":1373,"date":"2017-03-15T01:20:47","date_gmt":"2017-03-15T00:20:47","guid":{"rendered":"http:\/\/glacas.fr\/lantredemystara\/?page_id=1373"},"modified":"2017-03-15T01:25:50","modified_gmt":"2017-03-15T00:25:50","slug":"un-peu-dhistoire","status":"publish","type":"page","link":"http:\/\/glacas.fr\/lantredemystara\/vous-avez-dit-dd\/un-peu-dhistoire\/","title":{"rendered":"Les diff\u00e9rentes versions"},"content":{"rendered":"<h2 style=\"text-align: center;\"><strong>Les diff\u00e9rentes versions<br \/>\nde Donjon &amp; Dragons<\/strong><\/h2>\n<p>&nbsp;<\/p>\n<p><strong>Original Dungeon &amp; Dragons :<\/strong><\/p>\n<p><img data-recalc-dims=\"1\" loading=\"lazy\" decoding=\"async\" class=\"alignnone size-full wp-image-1493 colorbox-1373\" src=\"https:\/\/i0.wp.com\/glacas.fr\/lantredemystara\/wp-content\/uploads\/sites\/2\/2014\/02\/Dd_Box1st.jpg?resize=182%2C300\" alt=\"\" width=\"182\" height=\"300\" srcset=\"https:\/\/i0.wp.com\/glacas.fr\/lantredemystara\/wp-content\/uploads\/sites\/2\/2014\/02\/Dd_Box1st.jpg?w=182 182w, https:\/\/i0.wp.com\/glacas.fr\/lantredemystara\/wp-content\/uploads\/sites\/2\/2014\/02\/Dd_Box1st.jpg?resize=91%2C150 91w\" sizes=\"auto, (max-width: 182px) 100vw, 182px\" \/><\/p>\n<p style=\"text-align: justify;\">Le Dungeons and Dragons original (aujourd\u2019hui appel\u00e9 OD&amp;D) \u00e9tait une boite contenant trois livrets, publi\u00e9s en 1974 par <b>Tactical Studies Rules (TSR)<\/b>. Il \u00e9tait con\u00e7u pour un public qui avait d\u00e9j\u00e0 l\u2019habitude des wargames, tout en y incorporant le fond et les personnages cr\u00e9es par J.R Tolkien dans le Seigneur des Anneaux.<\/p>\n<p style=\"text-align: justify;\">Cette premi\u00e8re bo\u00eete fut plusieurs fois r\u00e9imprim\u00e9e, et compl\u00e9t\u00e9e par des suppl\u00e9ments officiels (notamment les premi\u00e8re \u00e9ditions de Greyhawk et de Blackmoor, en 1975<sup>[<\/sup> et par des articles de magazines, publi\u00e9s par TSR ou par de nombreux fanzines<\/p>\n<p style=\"text-align: justify;\">\u00c0 partir de 1977, TSR mit en place une strat\u00e9gie de division du jeu en deux gammes distinctes.D\u2019un c\u00f4t\u00e9 \u00e9tait publi\u00e9e la bo\u00eete <em>Basic Dungeons &amp; Dragons<\/em>, une pr\u00e9sentation claire des r\u00e8gles essentielles \u00e0 destination du public qui n\u2019avait jamais jou\u00e9 aux wargames\u00a0 r\u00e9dig\u00e9e par J. Eric Holmes.<\/p>\n<p style=\"text-align: justify;\">De l\u2019autre \u00e9tait publi\u00e9e, en 1978, <em>Advanced Dungeons &amp; Dragons<\/em>, qui rassemblait l\u2019ensemble des r\u00e8gles, variantes, options et corrections propos\u00e9es depuis la premi\u00e8re \u00e9dition, afin de les unifier.<\/p>\n<p style=\"text-align: justify;\"><strong>Gary Gygax<\/strong>, auteur de la r\u00e8gle avanc\u00e9e, voulait r\u00e9pondre de mani\u00e8re exhaustive \u00e0 l\u2019ensemble des situations possibles en jeu, alors que <strong>J. Eric Holmes<\/strong>, qui avait mis au point la ligne Basic, mettait l\u2019accent sur la simplicit\u00e9 et l\u2019improvisation.<\/p>\n<p><span style=\"font-size: large;\"><b>Advanced Dungeons &amp; Dragons :<\/b><\/span><\/p>\n<p><img data-recalc-dims=\"1\" loading=\"lazy\" decoding=\"async\" class=\"alignnone size-full wp-image-1484 colorbox-1373\" src=\"https:\/\/i0.wp.com\/glacas.fr\/lantredemystara\/wp-content\/uploads\/sites\/2\/2014\/02\/ADD.jpg?resize=474%2C106\" alt=\"\" width=\"474\" height=\"106\" srcset=\"https:\/\/i0.wp.com\/glacas.fr\/lantredemystara\/wp-content\/uploads\/sites\/2\/2014\/02\/ADD.jpg?w=474 474w, https:\/\/i0.wp.com\/glacas.fr\/lantredemystara\/wp-content\/uploads\/sites\/2\/2014\/02\/ADD.jpg?resize=300%2C67 300w, https:\/\/i0.wp.com\/glacas.fr\/lantredemystara\/wp-content\/uploads\/sites\/2\/2014\/02\/ADD.jpg?resize=250%2C56 250w, https:\/\/i0.wp.com\/glacas.fr\/lantredemystara\/wp-content\/uploads\/sites\/2\/2014\/02\/ADD.jpg?resize=150%2C34 150w\" sizes=\"auto, (max-width: 474px) 100vw, 474px\" \/><\/p>\n<p>En 1978 sont publi\u00e9es les R\u00e8gles avanc\u00e9es de Donjons et Dragons (Advanced Dungeons &amp; Dragons, AD&amp;D), compos\u00e9es de trois livres de base (le Manuel des Joueurs, le Guide du ma\u00eetre et le Manuel des monstres) permettant de jouer tous les niveaux, et de nombreuses extensions.<\/p>\n<p><span style=\"font-size: medium;\"><b><span style=\"font-size: large;\">Dungeons &amp; Dragons Basic Set<\/span><\/b><\/span><span style=\"font-size: large;\"> :<\/span><\/p>\n<p><img data-recalc-dims=\"1\" loading=\"lazy\" decoding=\"async\" class=\"alignnone wp-image-1487 colorbox-1373\" src=\"https:\/\/i0.wp.com\/glacas.fr\/lantredemystara\/wp-content\/uploads\/sites\/2\/2014\/02\/DD-Basic.jpg?resize=466%2C148\" alt=\"\" width=\"466\" height=\"148\" srcset=\"https:\/\/i0.wp.com\/glacas.fr\/lantredemystara\/wp-content\/uploads\/sites\/2\/2014\/02\/DD-Basic.jpg?w=583 583w, https:\/\/i0.wp.com\/glacas.fr\/lantredemystara\/wp-content\/uploads\/sites\/2\/2014\/02\/DD-Basic.jpg?resize=300%2C95 300w, https:\/\/i0.wp.com\/glacas.fr\/lantredemystara\/wp-content\/uploads\/sites\/2\/2014\/02\/DD-Basic.jpg?resize=250%2C79 250w, https:\/\/i0.wp.com\/glacas.fr\/lantredemystara\/wp-content\/uploads\/sites\/2\/2014\/02\/DD-Basic.jpg?resize=150%2C48 150w\" sizes=\"auto, (max-width: 466px) 100vw, 466px\" \/><\/p>\n<p style=\"text-align: justify;\">En m\u00eame temps que la sortie d&rsquo;AD&amp;D, TSR lance une gamme destin\u00e9e \u00e0 faciliter l&rsquo;initiation de nouveaux joueurs. Cette gamme garde le nom de Dungeons &amp; Dragons et est publi\u00e9e en plusieurs bo\u00eetes : la premi\u00e8re, le <b>Basic Set<\/b> (1977) permet de jouer des personnages de niveau 1 \u00e0 3, l&rsquo; Expert Set permettant d&rsquo;atteindre le niveau 14 (1981 ). La troisi\u00e8me \u00e9dition, permettra gr\u00e2ce aux Companion Set (1983) et Master Set (1985) de monter jusqu&rsquo;au niveau 36, puis d&rsquo;incarner des immortels avec l\u2019Immortals Set (1986). Une quatri\u00e8me \u00e9dition compilera l&rsquo;essentiel des r\u00e8gles des 4 premiers sets en un seul volume, le Rules Cyclopedia.<\/p>\n<p style=\"text-align: justify;\">Jusqu&rsquo;\u00e0 la premi\u00e8re moiti\u00e9 des ann\u00e9es 90, les deux gammes diff\u00e9rentes coexistent, AD&amp;D devenant cependant largement plus populaire que D&amp;D.<br \/>\n<b><\/b><\/p>\n<p><strong><span style=\"font-size: large;\">Advanced Dungeons &amp; Dragons, 2e \u00e9dition<\/span><span style=\"font-size: large;\"> :<\/span><\/strong><\/p>\n<p><img data-recalc-dims=\"1\" loading=\"lazy\" decoding=\"async\" class=\"alignnone wp-image-1485 colorbox-1373\" src=\"https:\/\/i0.wp.com\/glacas.fr\/lantredemystara\/wp-content\/uploads\/sites\/2\/2014\/02\/ADD2.jpg?resize=557%2C195\" alt=\"\" width=\"557\" height=\"195\" srcset=\"https:\/\/i0.wp.com\/glacas.fr\/lantredemystara\/wp-content\/uploads\/sites\/2\/2014\/02\/ADD2.jpg?w=400 400w, https:\/\/i0.wp.com\/glacas.fr\/lantredemystara\/wp-content\/uploads\/sites\/2\/2014\/02\/ADD2.jpg?resize=300%2C105 300w, https:\/\/i0.wp.com\/glacas.fr\/lantredemystara\/wp-content\/uploads\/sites\/2\/2014\/02\/ADD2.jpg?resize=250%2C88 250w, https:\/\/i0.wp.com\/glacas.fr\/lantredemystara\/wp-content\/uploads\/sites\/2\/2014\/02\/ADD2.jpg?resize=150%2C53 150w\" sizes=\"auto, (max-width: 557px) 100vw, 557px\" \/><\/p>\n<p style=\"text-align: justify;\">En 1989 appara\u00eet la 2e \u00e9dition d\u2019AD&amp;D (aussi appel\u00e9e AD&amp;D2), par TSR, elle aussi compos\u00e9e de trois livres de base et de nombreux suppl\u00e9ments. La seconde \u00e9dition d\u2019AD&amp;D ne change pas profond\u00e9ment le syst\u00e8me de jeu.<\/p>\n<p style=\"text-align: justify;\">De nombreux suppl\u00e9ments sont publi\u00e9s par TSR pour AD&amp;D2. TSR cr\u00e9e de nouveaux d\u00e9cors de campagne dans la premi\u00e8re moiti\u00e9 des ann\u00e9es 1990 : Dark Sun, Planescape, Ravenloft et Birthright apparaissent ainsi.<\/p>\n<p><span style=\"font-size: medium;\"><b><span style=\"font-size: large;\">Dungeons &amp; Dragons, 3e \u00e9dition<\/span><\/b><\/span><span style=\"font-size: large;\"> :<\/span><\/p>\n<p style=\"text-align: justify;\"><img data-recalc-dims=\"1\" loading=\"lazy\" decoding=\"async\" class=\"alignnone size-full wp-image-1486 colorbox-1373\" src=\"https:\/\/i0.wp.com\/glacas.fr\/lantredemystara\/wp-content\/uploads\/sites\/2\/2014\/02\/DD-3.0.jpg?resize=425%2C119\" alt=\"\" width=\"425\" height=\"119\" srcset=\"https:\/\/i0.wp.com\/glacas.fr\/lantredemystara\/wp-content\/uploads\/sites\/2\/2014\/02\/DD-3.0.jpg?w=425 425w, https:\/\/i0.wp.com\/glacas.fr\/lantredemystara\/wp-content\/uploads\/sites\/2\/2014\/02\/DD-3.0.jpg?resize=300%2C84 300w, https:\/\/i0.wp.com\/glacas.fr\/lantredemystara\/wp-content\/uploads\/sites\/2\/2014\/02\/DD-3.0.jpg?resize=250%2C70 250w, https:\/\/i0.wp.com\/glacas.fr\/lantredemystara\/wp-content\/uploads\/sites\/2\/2014\/02\/DD-3.0.jpg?resize=150%2C42 150w\" sizes=\"auto, (max-width: 425px) 100vw, 425px\" \/><br \/>\nLa 3e \u00e9dition de D&amp;D (le terme Advanced \u00e9tant abandonn\u00e9) est publi\u00e9e par Wizards of the Coast en 2000. Le syst\u00e8me de jeu est compl\u00e8tement revu et prend le nom de d20 System, un syst\u00e8me dont l&rsquo;\u00e9diteur a autoris\u00e9 l&rsquo;utilisation par d&rsquo;autres \u00e9diteurs (licence ludique libre, open gaming license (OGL).<\/p>\n<p style=\"text-align: justify;\">Le d20 system est un syst\u00e8me qui se veut beaucoup plus souple et modulable. Il apporte une plus grande rapidit\u00e9 de r\u00e9solution par rapport aux r\u00e8gles des \u00e9ditions pr\u00e9c\u00e9dentes, tout en conservant les m\u00e9canismes familiers des joueurs. D&rsquo;autre part, les classes, races et monstres censur\u00e9s dans AD&amp;D2 r\u00e9apparaissent.<\/p>\n<p><strong><span style=\"font-size: large;\">Dungeons &amp; Dragons, 3.5 \u00e9dition<\/span><\/strong><span style=\"font-size: large;\"><strong> :<\/strong><\/span><\/p>\n<p style=\"text-align: justify;\"><span style=\"font-size: large;\"><img data-recalc-dims=\"1\" loading=\"lazy\" decoding=\"async\" class=\"alignnone size-full wp-image-1486 colorbox-1373\" src=\"https:\/\/i0.wp.com\/glacas.fr\/lantredemystara\/wp-content\/uploads\/sites\/2\/2014\/02\/DD-3.0.jpg?resize=425%2C119\" alt=\"\" width=\"425\" height=\"119\" srcset=\"https:\/\/i0.wp.com\/glacas.fr\/lantredemystara\/wp-content\/uploads\/sites\/2\/2014\/02\/DD-3.0.jpg?w=425 425w, https:\/\/i0.wp.com\/glacas.fr\/lantredemystara\/wp-content\/uploads\/sites\/2\/2014\/02\/DD-3.0.jpg?resize=300%2C84 300w, https:\/\/i0.wp.com\/glacas.fr\/lantredemystara\/wp-content\/uploads\/sites\/2\/2014\/02\/DD-3.0.jpg?resize=250%2C70 250w, https:\/\/i0.wp.com\/glacas.fr\/lantredemystara\/wp-content\/uploads\/sites\/2\/2014\/02\/DD-3.0.jpg?resize=150%2C42 150w\" sizes=\"auto, (max-width: 425px) 100vw, 425px\" \/><br \/>\n<\/span>En 2003 sort l&rsquo;\u00e9dition 3.5 de D&amp;D. Cette \u00e9dition est un approfondissement de la version 3.0. Elle a \u00e9t\u00e9 \u00e9labor\u00e9e en se fondant sur les FAQ trouv\u00e9es sur Internet et sur les recommandations des joueurs. Les auteurs en ont profit\u00e9 pour remettre \u00e0 niveau, dans le Manuel des joueurs, certaines classes de personnages jug\u00e9es trop ou pas assez puissantes.<\/p>\n<p style=\"text-align: justify;\">L\u2019\u00e9dition 3.5 est sans doute celle qui va le plus loin dans la capacit\u00e9 propos\u00e9e aux joueurs de d\u00e9velopper un personnage. Pour de nombreux d\u2019entre eux, elle est l\u2019\u00e9dition ultime de D&amp; D. Pour d\u2019autres, sa complexit\u00e9 privil\u00e9gie le jeu technique et s\u2019\u00e9loigne du jeu de r\u00f4le.<\/p>\n<p><span style=\"font-size: medium;\"><b><span style=\"font-size: large;\">Dungeons &amp; Dragons, 4e \u00e9dition<\/span><span style=\"font-size: large;\"> :<\/span><\/b><\/span><\/p>\n<p style=\"text-align: justify;\"><span style=\"font-size: medium;\"><b><img data-recalc-dims=\"1\" loading=\"lazy\" decoding=\"async\" class=\"alignnone wp-image-1488 colorbox-1373\" src=\"https:\/\/i0.wp.com\/glacas.fr\/lantredemystara\/wp-content\/uploads\/sites\/2\/2014\/02\/DD-4.0.jpg?resize=491%2C140\" alt=\"\" width=\"491\" height=\"140\" srcset=\"https:\/\/i0.wp.com\/glacas.fr\/lantredemystara\/wp-content\/uploads\/sites\/2\/2014\/02\/DD-4.0.jpg?w=1527 1527w, https:\/\/i0.wp.com\/glacas.fr\/lantredemystara\/wp-content\/uploads\/sites\/2\/2014\/02\/DD-4.0.jpg?resize=300%2C85 300w, https:\/\/i0.wp.com\/glacas.fr\/lantredemystara\/wp-content\/uploads\/sites\/2\/2014\/02\/DD-4.0.jpg?resize=1024%2C292 1024w, https:\/\/i0.wp.com\/glacas.fr\/lantredemystara\/wp-content\/uploads\/sites\/2\/2014\/02\/DD-4.0.jpg?resize=250%2C71 250w, https:\/\/i0.wp.com\/glacas.fr\/lantredemystara\/wp-content\/uploads\/sites\/2\/2014\/02\/DD-4.0.jpg?resize=150%2C43 150w\" sizes=\"auto, (max-width: 491px) 100vw, 491px\" \/><br \/>\n<\/b>La 4e \u00e9dition est sortie simultan\u00e9ment en France et aux \u00c9tats-Unis le 6 juin 2008<\/span><\/p>\n<p style=\"text-align: justify;\">L&rsquo;\u00e9dition a eu pour principal objectif de simplifier les r\u00e8gles : les sortil\u00e8ges et les aptitudes que les personnages peuvent utiliser lors des combats, toutes sources confondues, sont d\u00e9sormais d\u00e9clin\u00e9s en \u00ab pouvoirs \u00bb et r\u00e9dig\u00e9s sous une forme courte utilisant des mots-cl\u00e9s r\u00e9currents.<\/p>\n<p style=\"text-align: justify;\">Destin\u00e9e \u00e0 s\u00e9duire un public nouveau ou rebut\u00e9 par la complexit\u00e9 de D&amp;D 3.5, la version 4.0 privil\u00e9gie l\u2019animation autour de la table avec de nombreux aides de jeu (cartes, supports, fiches,\u2026).<br \/>\n<b><\/b><\/p>\n<p><span style=\"font-size: medium;\"><b><span style=\"font-size: large;\">Dungeons &amp; Dragons, 5e \u00e9dition<\/span><span style=\"font-size: large;\"> :<\/span><\/b><\/span><\/p>\n<p><img data-recalc-dims=\"1\" loading=\"lazy\" decoding=\"async\" class=\"alignnone wp-image-1490 colorbox-1373\" src=\"https:\/\/i0.wp.com\/glacas.fr\/lantredemystara\/wp-content\/uploads\/sites\/2\/2014\/02\/DD-Transparent.png?resize=332%2C166\" alt=\"\" width=\"332\" height=\"166\" srcset=\"https:\/\/i0.wp.com\/glacas.fr\/lantredemystara\/wp-content\/uploads\/sites\/2\/2014\/02\/DD-Transparent.png?w=1500 1500w, https:\/\/i0.wp.com\/glacas.fr\/lantredemystara\/wp-content\/uploads\/sites\/2\/2014\/02\/DD-Transparent.png?resize=300%2C150 300w, https:\/\/i0.wp.com\/glacas.fr\/lantredemystara\/wp-content\/uploads\/sites\/2\/2014\/02\/DD-Transparent.png?resize=1024%2C512 1024w, https:\/\/i0.wp.com\/glacas.fr\/lantredemystara\/wp-content\/uploads\/sites\/2\/2014\/02\/DD-Transparent.png?resize=250%2C125 250w, https:\/\/i0.wp.com\/glacas.fr\/lantredemystara\/wp-content\/uploads\/sites\/2\/2014\/02\/DD-Transparent.png?resize=150%2C75 150w\" sizes=\"auto, (max-width: 332px) 100vw, 332px\" \/><\/p>\n<p>En cours d\u2019\u00e9criture&#8230;<\/p>\n<p><strong><span style=\"font-size: large;\">Le mouvement old-school et les r\u00e9troclones<\/span><span style=\"font-size: large;\"> :<\/span><\/strong><\/p>\n<p style=\"text-align: justify;\">Au fil des \u00e9ditions successives, des groupes de joueurs ont persist\u00e9 \u00e0 pr\u00e9f\u00e9rer ou \u00e0 jouer avec les \u00e9ditions ant\u00e9rieures. Les raisons peuvent \u00eatre autant ludiques (pr\u00e9f\u00e9rence pour un syst\u00e8me, habitudes de jeu, campagnes en cours) ou \u00e9conomiques (investissement important dans une gamme de suppl\u00e9ments).<\/p>\n<p style=\"text-align: justify;\">La simplicit\u00e9 et la spontan\u00e9it\u00e9, par rapport \u00e0 la relative complexit\u00e9 des 3e et 4e \u00e9ditions, est un argument fr\u00e9quemment avanc\u00e9.<\/p>\n<p><span style=\"font-size: medium;\"><br \/>\n<strong>Pour en savoir plus :<\/strong><\/span><\/p>\n<p>Wikip\u00e9dia, dont cet article s\u2019inspire en grande partie : http:\/\/fr.wikipedia.org\/wiki\/Donjons_et_dragons<b><br \/>\n<\/b><\/p>\n","protected":false},"excerpt":{"rendered":"<p>Les diff\u00e9rentes versions de Donjon &amp; Dragons &nbsp; Original Dungeon &amp; Dragons : Le Dungeons and Dragons original (aujourd\u2019hui appel\u00e9 OD&amp;D) \u00e9tait une boite contenant trois livrets, publi\u00e9s en 1974 par Tactical Studies Rules (TSR). Il \u00e9tait con\u00e7u pour un public qui avait d\u00e9j\u00e0 l\u2019habitude des wargames, tout en y<\/p>\n<p class=\"continue-reading-button\"> <a class=\"continue-reading-link\" href=\"http:\/\/glacas.fr\/lantredemystara\/vous-avez-dit-dd\/un-peu-dhistoire\/\">Suite<i class=\"crycon-right-dir\"><\/i><\/a><\/p>\n","protected":false},"author":1,"featured_media":0,"parent":28,"menu_order":1,"comment_status":"closed","ping_status":"closed","template":"","meta":{"ngg_post_thumbnail":0,"jetpack_post_was_ever_published":false,"footnotes":"","_links_to":"","_links_to_target":""},"categories":[1],"tags":[],"class_list":["post-1373","page","type-page","status-publish","hentry","category-non-classe","gallery-content-unit"],"aioseo_notices":[],"jetpack_sharing_enabled":true,"jetpack_shortlink":"https:\/\/wp.me\/P4nvCJ-m9","_links":{"self":[{"href":"http:\/\/glacas.fr\/lantredemystara\/wp-json\/wp\/v2\/pages\/1373","targetHints":{"allow":["GET"]}}],"collection":[{"href":"http:\/\/glacas.fr\/lantredemystara\/wp-json\/wp\/v2\/pages"}],"about":[{"href":"http:\/\/glacas.fr\/lantredemystara\/wp-json\/wp\/v2\/types\/page"}],"author":[{"embeddable":true,"href":"http:\/\/glacas.fr\/lantredemystara\/wp-json\/wp\/v2\/users\/1"}],"replies":[{"embeddable":true,"href":"http:\/\/glacas.fr\/lantredemystara\/wp-json\/wp\/v2\/comments?post=1373"}],"version-history":[{"count":4,"href":"http:\/\/glacas.fr\/lantredemystara\/wp-json\/wp\/v2\/pages\/1373\/revisions"}],"predecessor-version":[{"id":1506,"href":"http:\/\/glacas.fr\/lantredemystara\/wp-json\/wp\/v2\/pages\/1373\/revisions\/1506"}],"up":[{"embeddable":true,"href":"http:\/\/glacas.fr\/lantredemystara\/wp-json\/wp\/v2\/pages\/28"}],"wp:attachment":[{"href":"http:\/\/glacas.fr\/lantredemystara\/wp-json\/wp\/v2\/media?parent=1373"}],"wp:term":[{"taxonomy":"category","embeddable":true,"href":"http:\/\/glacas.fr\/lantredemystara\/wp-json\/wp\/v2\/categories?post=1373"},{"taxonomy":"post_tag","embeddable":true,"href":"http:\/\/glacas.fr\/lantredemystara\/wp-json\/wp\/v2\/tags?post=1373"}],"curies":[{"name":"wp","href":"https:\/\/api.w.org\/{rel}","templated":true}]}}