{"id":1327,"date":"2017-03-14T20:37:25","date_gmt":"2017-03-14T19:37:25","guid":{"rendered":"http:\/\/glacas.fr\/lantredemystara\/?page_id=1327"},"modified":"2017-03-14T22:16:15","modified_gmt":"2017-03-14T21:16:15","slug":"aventures-possibles","status":"publish","type":"page","link":"http:\/\/glacas.fr\/lantredemystara\/decors-de-campagne2\/la-baronnie-dachelos\/aventures-possibles\/","title":{"rendered":"Aventures possibles"},"content":{"rendered":"<h2 style=\"text-align: center;\"><strong>Quelques id\u00e9es d&rsquo;aventures possibles<\/strong><br \/>\n<strong>dans la baronnie d&rsquo;Achelos<\/strong><\/h2>\n<p>&nbsp;<\/p>\n<p style=\"text-align: center;\"><img data-recalc-dims=\"1\" loading=\"lazy\" decoding=\"async\" class=\"alignnone wp-image-1341 colorbox-1327\" src=\"https:\/\/i0.wp.com\/glacas.fr\/lantredemystara\/wp-content\/uploads\/sites\/2\/2017\/03\/dmg_excerpt7.jpg?resize=490%2C276\" alt=\"\" width=\"490\" height=\"276\" srcset=\"https:\/\/i0.wp.com\/glacas.fr\/lantredemystara\/wp-content\/uploads\/sites\/2\/2017\/03\/dmg_excerpt7.jpg?w=869 869w, https:\/\/i0.wp.com\/glacas.fr\/lantredemystara\/wp-content\/uploads\/sites\/2\/2017\/03\/dmg_excerpt7.jpg?resize=300%2C169 300w, https:\/\/i0.wp.com\/glacas.fr\/lantredemystara\/wp-content\/uploads\/sites\/2\/2017\/03\/dmg_excerpt7.jpg?resize=250%2C141 250w, https:\/\/i0.wp.com\/glacas.fr\/lantredemystara\/wp-content\/uploads\/sites\/2\/2017\/03\/dmg_excerpt7.jpg?resize=150%2C85 150w\" sizes=\"auto, (max-width: 490px) 100vw, 490px\" \/><\/p>\n<p style=\"text-align: justify;\">Les sc\u00e9narii d\u00e9crits sont plut\u00f4t des id\u00e9es, des suggestions ou des cadres pour d\u00e9velopper vos propres aventures dans la Baronnie d&rsquo;Achelos, \u00e0 adapter en fonction du niveaux de vos personnages. Elles permettent de s\u2019approprier le domaine et certaines sont des portes vers d\u2019autres contr\u00e9es, au choix du MDJ.<\/p>\n<p style=\"text-align: justify;\">Le Domaine d\u2019Achelos n\u2019est d\u2019ailleurs pas enti\u00e8rement explor\u00e9 et pas mal d\u2019autres aventures peuvent s\u2019y d\u00e9rouler, avis aux amateurs qui auraient des id\u00e9es et l&rsquo;envie de les \u00e9crire et de nous les transmettre\u2026<\/p>\n<h4 style=\"text-align: justify;\"><\/h4>\n<h4 style=\"text-align: justify;\"><strong>Le squatteur\u00a0:<\/strong><\/h4>\n<p><a href=\"http:\/\/glacas.fr\/lantredemystara\/decors-de-campagne2\/la-baronnie-dachelos\/aventures-possibles\/felonius-2\/\" rel=\"attachment wp-att-1335\"><img data-recalc-dims=\"1\" loading=\"lazy\" decoding=\"async\" class=\"alignnone wp-image-1335 colorbox-1327\" src=\"https:\/\/i0.wp.com\/glacas.fr\/lantredemystara\/wp-content\/uploads\/sites\/2\/2017\/03\/felonius-2.png?resize=235%2C236\" alt=\"\" width=\"235\" height=\"236\" srcset=\"https:\/\/i0.wp.com\/glacas.fr\/lantredemystara\/wp-content\/uploads\/sites\/2\/2017\/03\/felonius-2.png?w=274 274w, https:\/\/i0.wp.com\/glacas.fr\/lantredemystara\/wp-content\/uploads\/sites\/2\/2017\/03\/felonius-2.png?resize=250%2C250 250w, https:\/\/i0.wp.com\/glacas.fr\/lantredemystara\/wp-content\/uploads\/sites\/2\/2017\/03\/felonius-2.png?resize=149%2C150 149w, https:\/\/i0.wp.com\/glacas.fr\/lantredemystara\/wp-content\/uploads\/sites\/2\/2017\/03\/felonius-2.png?resize=150%2C150 150w\" sizes=\"auto, (max-width: 235px) 100vw, 235px\" \/><\/a><\/p>\n<p style=\"text-align: justify;\">Cette aventure peut prendre place quand les personnages arrivent pour la premi\u00e8re fois dans le Domaine (voir <span style=\"text-decoration: underline;\"><a href=\"http:\/\/glacas.fr\/lantredemystara\/decors-de-campagne2\/la-baronnie-dachelos\/lhistoire-de-la-baronnie\/\">l&rsquo;histoire du Domaine<\/a><\/span>).<\/p>\n<p style=\"text-align: justify;\">Le Domaine est squatt\u00e9 par un mage de niveau 9 nomm\u00e9 Barl, un disciple de Bargul l\u2019inf\u00e2me, l\u2019\u00e2me damn\u00e9e du Baron Von Hendrix de la Baronnie de l\u2019Aigle noir. Barl est appuy\u00e9 par une escouade de voleurs, d\u2019assassins et d\u2019esclavagistes de la soci\u00e9t\u00e9 de l\u2019Anneau de Fer. \u00a0Ils utilisent ce ch\u00e2teau comme base arri\u00e8re dans leurs razzias pour capturer des esclaves et les envoyer en convoi \u00e0 la Baronnie sombre.<\/p>\n<p style=\"text-align: justify;\">Le choc ne sera pas obligatoirement frontal (du moins au d\u00e9but\u2026) et Barl peut les recevoir avec urbanit\u00e9 et essayer de les capturer vivants (par exemple en leur faisant visiter la galerie des tableaux) ou de les faire assassiner par les membres de l\u2019anneau de fer.<\/p>\n<p style=\"text-align: justify;\"><strong>\u00a0<\/strong><\/p>\n<h4 style=\"text-align: justify;\"><strong>La galerie des tableaux\u00a0:<\/strong><\/h4>\n<p style=\"text-align: justify;\"><a href=\"http:\/\/glacas.fr\/lantredemystara\/decors-de-campagne2\/la-baronnie-dachelos\/la-galerie-des-tableaux\/galerie-2\/\" rel=\"attachment wp-att-1306\"><img data-recalc-dims=\"1\" loading=\"lazy\" decoding=\"async\" class=\"alignnone wp-image-1306 colorbox-1327\" src=\"https:\/\/i0.wp.com\/glacas.fr\/lantredemystara\/wp-content\/uploads\/sites\/2\/2017\/03\/galerie-2.jpg?resize=489%2C225\" alt=\"\" width=\"489\" height=\"225\" srcset=\"https:\/\/i0.wp.com\/glacas.fr\/lantredemystara\/wp-content\/uploads\/sites\/2\/2017\/03\/galerie-2.jpg?w=1921 1921w, https:\/\/i0.wp.com\/glacas.fr\/lantredemystara\/wp-content\/uploads\/sites\/2\/2017\/03\/galerie-2.jpg?resize=300%2C138 300w, https:\/\/i0.wp.com\/glacas.fr\/lantredemystara\/wp-content\/uploads\/sites\/2\/2017\/03\/galerie-2.jpg?resize=1024%2C472 1024w, https:\/\/i0.wp.com\/glacas.fr\/lantredemystara\/wp-content\/uploads\/sites\/2\/2017\/03\/galerie-2.jpg?resize=250%2C115 250w, https:\/\/i0.wp.com\/glacas.fr\/lantredemystara\/wp-content\/uploads\/sites\/2\/2017\/03\/galerie-2.jpg?resize=150%2C69 150w\" sizes=\"auto, (max-width: 489px) 100vw, 489px\" \/><\/a><\/p>\n<p style=\"text-align: justify;\">Au second niveau de la tour principale du ch\u00e2teau, une collection de tableaux occupe toute cette pi\u00e8ce octogonale (d\u00e9crite en d\u00e9tails dans la <span style=\"text-decoration: underline;\"><a href=\"http:\/\/glacas.fr\/lantredemystara\/decors-de-campagne2\/la-baronnie-dachelos\/la-galerie-des-tableaux\/\">Galerie des tableaux<\/a><\/span>).<\/p>\n<p style=\"text-align: justify;\">La galerie des tableaux permet au MDJ d\u2019envoyer ses personnages dans des aventures vari\u00e9es, quel que soit le niveau, sans se soucier de plus de vraisemblance que de regarder tel ou tel tableau\u2026<\/p>\n<p style=\"text-align: justify;\">Le MDJ peut \u00e9galement ajouter d\u2019autres tableaux qui seront autant de portes possibles vers des aventures de son choix. Certains tableaux d\u00e9crits plus haut sont pr\u00eats \u00e0 l\u2019emploi\u00a0:<\/p>\n<ul style=\"text-align: justify;\">\n<li>Le roi et le Gnoll<\/li>\n<li>L\u2019arbre qui cache la for\u00eat<\/li>\n<li>L\u2019antre de Gorlaug<\/li>\n<\/ul>\n<p style=\"text-align: justify;\">La galerie des tableaux est tir\u00e9e d\u2019un article de Dragon Magazine N\u00b0 16 (mars-avril 94) que je recommande pour en savoir plus sur la description des tableaux et d\u2019autres exemples possibles.<\/p>\n<p style=\"text-align: justify;\"><strong>\u00a0<\/strong><\/p>\n<h4 style=\"text-align: justify;\"><strong>Le vol des poneys<\/strong><\/h4>\n<p><img data-recalc-dims=\"1\" loading=\"lazy\" decoding=\"async\" class=\"alignnone wp-image-1332 size-full colorbox-1327\" src=\"https:\/\/i0.wp.com\/glacas.fr\/lantredemystara\/wp-content\/uploads\/sites\/2\/2017\/03\/poneys1-2.jpg?resize=600%2C400\" alt=\"\" width=\"600\" height=\"400\" srcset=\"https:\/\/i0.wp.com\/glacas.fr\/lantredemystara\/wp-content\/uploads\/sites\/2\/2017\/03\/poneys1-2.jpg?w=600 600w, https:\/\/i0.wp.com\/glacas.fr\/lantredemystara\/wp-content\/uploads\/sites\/2\/2017\/03\/poneys1-2.jpg?resize=300%2C200 300w, https:\/\/i0.wp.com\/glacas.fr\/lantredemystara\/wp-content\/uploads\/sites\/2\/2017\/03\/poneys1-2.jpg?resize=225%2C150 225w, https:\/\/i0.wp.com\/glacas.fr\/lantredemystara\/wp-content\/uploads\/sites\/2\/2017\/03\/poneys1-2.jpg?resize=150%2C100 150w\" sizes=\"auto, (max-width: 600px) 100vw, 600px\" \/><\/p>\n<p style=\"text-align: justify;\">Depuis quelques ann\u00e9es, des Petites gens (ou Hobbits ou Hins), originaires des Cinq Comt\u00e9s, sont venus s\u2019installer dans la Baronnie. Ils ont entrepris l\u2019\u00e9levage de poneys, tr\u00e8s pris\u00e9s dans leur pays ou aupr\u00e8s des nains de Rockhome. Ils cultivent \u00e9galement de l\u2019herbe \u00e0 pipe appr\u00e9ci\u00e9e des connaisseurs.<\/p>\n<p style=\"text-align: justify;\">Leur \u00e9levage est situ\u00e9 au sud de Riffli, sur la rive nord de la Baronnie\u00a0; autant dire loin du ch\u00e2teau et de sa troupe m\u00eame si un petit d\u00e9tachement est en garnison \u00e0 Riffli.<\/p>\n<p style=\"text-align: justify;\">Ces troupeaux peuvent avoir attir\u00e9 la convoitise d\u2019une troupe de Gnolls, d\u2019Hobgobelins ou d\u2019Orques (au choix du MDJ) qui s\u2019en sont empar\u00e9s et les conduisent vers leur repaire pour les vendre ou les manger\u2026<\/p>\n<p style=\"text-align: justify;\">Les personnages peuvent avoir eu vent de ce rapt et se lancer \u00e0 la poursuite des kidnappeurs jusqu\u2019au-del\u00e0 des fronti\u00e8res de la Baronnie. Cela peut donner l\u2019occasion d\u2019une attaque sur une troupe en mouvement, d\u2019une ruse bien subtile pour r\u00e9cup\u00e9rer les poneys et d\u2019une attaque finale dans des cavernes ou dans un camp dans les collines.<\/p>\n<h4 style=\"text-align: justify;\"><strong><br \/>\nLes ogres descendent de la montagne<\/strong><\/h4>\n<p><img data-recalc-dims=\"1\" loading=\"lazy\" decoding=\"async\" class=\"alignnone wp-image-1331 colorbox-1327\" src=\"https:\/\/i0.wp.com\/glacas.fr\/lantredemystara\/wp-content\/uploads\/sites\/2\/2017\/03\/royaumes_ogres_02-2.jpg?resize=256%2C299\" alt=\"\" width=\"256\" height=\"299\" srcset=\"https:\/\/i0.wp.com\/glacas.fr\/lantredemystara\/wp-content\/uploads\/sites\/2\/2017\/03\/royaumes_ogres_02-2.jpg?w=194 194w, https:\/\/i0.wp.com\/glacas.fr\/lantredemystara\/wp-content\/uploads\/sites\/2\/2017\/03\/royaumes_ogres_02-2.jpg?resize=128%2C150 128w\" sizes=\"auto, (max-width: 256px) 100vw, 256px\" \/><\/p>\n<p style=\"text-align: justify;\">Parmi les voisins encombrants que poss\u00e8de le domaine, une tribu d\u2019ogres est install\u00e9 depuis fort longtemps au nord-est, dans les collines qui touchent les premiers reliefs de la Cha\u00eene des Pics Noirs. Les ogres font r\u00e9guli\u00e8rement des raids pour amasser du butin.<\/p>\n<p style=\"text-align: justify;\">Cette ann\u00e9e, les ogres ont l\u2019air plus nombreux, mieux organis\u00e9s et fermement d\u00e9cid\u00e9s \u00e0 saccager et piller Riflii\u2026 La petite garnison ne tiendra pas longtemps si des renforts de la troupe ou des aventuriers courageux ne viennent pas rapidement \u00e0 la rescousse\u2026 Essayer de rallier le plus possible de vikings du camp des hommes du nord pourrait \u00eatre une solution pour renforcer la troupe\u2026<\/p>\n<p style=\"text-align: justify;\">Les Ogres sont command\u00e9s par un Gaarlog, un Ogre Berserker, nouvellement arriv\u00e9 et qui tient les autres sous sa coupe. Il ne se contentera pas de lancer des cailloux (m\u00eame gros\u2026) sur tout opposant mais lui foncera droit dessus, suivi, plus ou moins de pr\u00e8s, par sa troupe\u2026<\/p>\n<h4 style=\"text-align: justify;\"><strong><br \/>\nLa for\u00eat d\u2019Achel\u00a0:<\/strong><\/h4>\n<p><a href=\"http:\/\/glacas.fr\/lantredemystara\/decors-de-campagne2\/la-baronnie-dachelos\/aventures-possibles\/druide-foret-fees-vertes-543po-2-2\/\" rel=\"attachment wp-att-1330\"><img data-recalc-dims=\"1\" loading=\"lazy\" decoding=\"async\" class=\"alignnone size-full wp-image-1330 colorbox-1327\" src=\"https:\/\/i0.wp.com\/glacas.fr\/lantredemystara\/wp-content\/uploads\/sites\/2\/2017\/03\/druide-Foret-fees-vertes-543po-2.jpg?resize=543%2C326\" alt=\"\" width=\"543\" height=\"326\" srcset=\"https:\/\/i0.wp.com\/glacas.fr\/lantredemystara\/wp-content\/uploads\/sites\/2\/2017\/03\/druide-Foret-fees-vertes-543po-2.jpg?w=543 543w, https:\/\/i0.wp.com\/glacas.fr\/lantredemystara\/wp-content\/uploads\/sites\/2\/2017\/03\/druide-Foret-fees-vertes-543po-2.jpg?resize=300%2C180 300w, https:\/\/i0.wp.com\/glacas.fr\/lantredemystara\/wp-content\/uploads\/sites\/2\/2017\/03\/druide-Foret-fees-vertes-543po-2.jpg?resize=250%2C150 250w, https:\/\/i0.wp.com\/glacas.fr\/lantredemystara\/wp-content\/uploads\/sites\/2\/2017\/03\/druide-Foret-fees-vertes-543po-2.jpg?resize=150%2C90 150w\" sizes=\"auto, (max-width: 543px) 100vw, 543px\" \/><\/a><\/p>\n<p style=\"text-align: justify;\">Au sud d\u2019Achel, se trouve la seule for\u00eat importante de la Baronnie. Elle est exploit\u00e9e par les habitants du village qui compte plusieurs b\u00fbcherons et menuisiers en son sein.<\/p>\n<p style=\"text-align: justify;\">Les personnages peuvent \u00eatre amen\u00e9s \u00e0 mener une enqu\u00eate dans la for\u00eat car depuis peu, des faits troublants se produisent pr\u00e8s des coupes de bois\u00a0: des outils disparaissent r\u00e9guli\u00e8rement, des branches coup\u00e9es repoussent spontan\u00e9ment, des b\u00fbcherons s\u2019endorment profond\u00e9ment. Depuis, plus personne ne veut s\u2019aventurer dans la for\u00eat et le bois, vital pour la baronnie, commence \u00e0 manquer&#8230;<\/p>\n<p style=\"text-align: justify;\">La for\u00eat est en fait habit\u00e9e par des cr\u00e9atures sylvestres telles que Dryades, Pixies, Farfadets, F\u00e9es, Centaures (ou Chevalls) Brownies, Leprechauns, Sprites, Pookas, Shides et Woodrakes, au choix du MD. Au c\u0153ur de la for\u00eat se trouve une zone plus dense o\u00f9 vivent ces cr\u00e9atures depuis des lustres. Elles sont inqui\u00e8tes par la progression des b\u00fbcherons vers le c\u0153ur de la for\u00eat et font tout ce qu\u2019elles peuvent pour d\u00e9courager les intrus d\u2019aller plus avant.<\/p>\n<p style=\"text-align: justify;\">Les personnages peuvent progresser difficilement dans la for\u00eat tant les pi\u00e8ges des cr\u00e9atures sylvestres sont d\u00e9routantes, les combattre pour les exterminer ou essayer de n\u00e9gocier avec elles un trait\u00e9 sur l\u2019usage partag\u00e9 de la for\u00eat et s\u2019en faire ainsi d\u2019utiles alli\u00e9s\u2026On peut \u00e9galement placer un druide un peu misanthrope, qui a prit le parti des cr\u00e9atures de la for\u00eat et cherche \u00e0 dissuader les humains d\u2019exploiter trop la for\u00eat.<\/p>\n<p style=\"text-align: justify;\">Le module D&amp;D TSR 9254, \u201c<em>Creatures Crucible : Tall Tales of the Wee Folk<\/em>\u201d, donne beaucoup de d\u00e9tails sur ces cr\u00e9atures et leur environnement.<\/p>\n<p style=\"text-align: justify;\"><strong>\u00a0<\/strong><\/p>\n<h4 style=\"text-align: justify;\"><strong>La tour du n\u00e9cromancien<\/strong><\/h4>\n<p><a href=\"http:\/\/glacas.fr\/lantredemystara\/decors-de-campagne2\/la-baronnie-dachelos\/aventures-possibles\/attachment\/2164\/\" rel=\"attachment wp-att-1329\"><img data-recalc-dims=\"1\" loading=\"lazy\" decoding=\"async\" class=\"alignnone wp-image-1329 colorbox-1327\" src=\"https:\/\/i0.wp.com\/glacas.fr\/lantredemystara\/wp-content\/uploads\/sites\/2\/2017\/03\/2164.jpg?resize=353%2C306\" alt=\"\" width=\"353\" height=\"306\" srcset=\"https:\/\/i0.wp.com\/glacas.fr\/lantredemystara\/wp-content\/uploads\/sites\/2\/2017\/03\/2164.jpg?w=250 250w, https:\/\/i0.wp.com\/glacas.fr\/lantredemystara\/wp-content\/uploads\/sites\/2\/2017\/03\/2164.jpg?resize=173%2C150 173w, https:\/\/i0.wp.com\/glacas.fr\/lantredemystara\/wp-content\/uploads\/sites\/2\/2017\/03\/2164.jpg?resize=150%2C130 150w\" sizes=\"auto, (max-width: 353px) 100vw, 353px\" \/><\/a><\/p>\n<p style=\"text-align: justify;\">Elle est situ\u00e9e \u00e0 quelques km \u00e0 l\u2019ouest du village de Riffli, sur la rive nord du Domaine. On raconte qu\u2019un magicien y aurait habit\u00e9 avant qu\u2019une de ces exp\u00e9riences ne tourne mal et ne d\u00e9truise la tour\u2026<\/p>\n<p style=\"text-align: justify;\">Cette tour \u00e9tait en fait le refuge d\u2019un n\u00e9cromancien qui s\u2019\u00e9tait implant\u00e9 dans ce coin isol\u00e9 pour se livrer \u00e0 des exp\u00e9riences sur les morts. Une nuit, il invoqua un mort vivant trop puissant pour lui et devient son esclave\u2026La tour fut \u00e9branl\u00e9e par la confrontation et les \u00e9tages sup\u00e9rieurs vinrent s\u2019effondrer au dessus des niveaux souterrains. Les ann\u00e9es pass\u00e8rent mais les morts-vivants ont le temps\u2026<\/p>\n<p style=\"text-align: justify;\">Le MD peut placer dans les souterrains de la tour n\u2019importe quel plan de souterrain ou de crypte avec pleins de morts-vivants \u00e0 sa sauce\u2026 Sans oublier un vampire (ou un Nosf\u00e9ratu) et son esclave le n\u00e9cromancien pour couronner le tout\u2026<\/p>\n<h4 style=\"text-align: justify;\"><strong><br \/>\nLe sanctuaire de Pflaar<\/strong><\/h4>\n<p><a href=\"http:\/\/glacas.fr\/lantredemystara\/decors-de-campagne2\/la-baronnie-dachelos\/aventures-possibles\/sanctuaire-2\/\" rel=\"attachment wp-att-1328\"><img data-recalc-dims=\"1\" loading=\"lazy\" decoding=\"async\" class=\"alignnone wp-image-1328 colorbox-1327\" src=\"https:\/\/i0.wp.com\/glacas.fr\/lantredemystara\/wp-content\/uploads\/sites\/2\/2017\/03\/Sanctuaire-2.jpg?resize=314%2C418\" alt=\"\" width=\"314\" height=\"418\" srcset=\"https:\/\/i0.wp.com\/glacas.fr\/lantredemystara\/wp-content\/uploads\/sites\/2\/2017\/03\/Sanctuaire-2.jpg?w=1135 1135w, https:\/\/i0.wp.com\/glacas.fr\/lantredemystara\/wp-content\/uploads\/sites\/2\/2017\/03\/Sanctuaire-2.jpg?resize=225%2C300 225w, https:\/\/i0.wp.com\/glacas.fr\/lantredemystara\/wp-content\/uploads\/sites\/2\/2017\/03\/Sanctuaire-2.jpg?resize=769%2C1024 769w, https:\/\/i0.wp.com\/glacas.fr\/lantredemystara\/wp-content\/uploads\/sites\/2\/2017\/03\/Sanctuaire-2.jpg?resize=113%2C150 113w\" sizes=\"auto, (max-width: 314px) 100vw, 314px\" \/><\/a><\/p>\n<p style=\"text-align: justify;\">Au nord\u2013est du Domaine, \u00e0 quelques distances de la rive nord de la rivi\u00e8re Achelos, se trouve une construction de pierres dress\u00e9es qui a l\u2019air tr\u00e8s ancienne. Situ\u00e9e dans un paysage de lande o\u00f9 le vent souffle fortement, elle est abrit\u00e9e dans une cuvette bois\u00e9e. Les pierres de 3 m\u00e8tres de haut sont dispos\u00e9es en cercle.<\/p>\n<p style=\"text-align: justify;\">Cette construction est un ancien sanctuaire religieux \u00e9rig\u00e9 \u00a0il y a fort longtemps par une civilisation qui occupait alors cette contr\u00e9e, les Hutaakiens. Ils adoraient l\u2019Immortel Pflaar, leur protecteur. Les Hutaakiens s\u2019\u00e9teignirent (du moins le pense t\u2019on g\u00e9n\u00e9ralement\u2026) mais Pflaar n\u2019est pas un Immortel pour rien\u2026<\/p>\n<p style=\"text-align: justify;\">Les personnages peuvent avoir trouv\u00e9 un manuscrit dans la biblioth\u00e8que du ch\u00e2teau ou entendu de vieilles histoires qui racontent que le sanctuaire abriterait un antique secret qui se r\u00e9v\u00e9lerait lors des nuits de pleine lune et la curiosit\u00e9 aidant, d\u00e9cider d\u2019y aller faire un tour\u2026.<\/p>\n<p style=\"text-align: justify;\">Si les personnages s\u2019aventurent de leur plein gr\u00e9 dans le cercle de pierres, une nuit de pleine lune, Pflaar, l\u2019Immortel \u00e0 t\u00eate de chacal pourrait bien faire une apparition et leur proposer une qu\u00eate dans un pays d\u2019inspiration \u00e9gyptienne ou de r\u00e9soudre trois \u00e9nigmes difficiles en \u00e9change de leur vie. Dans un cas comme dans l\u2019autre, autant dire que les aventuriers ont int\u00e9r\u00eat \u00e0 r\u00e9ussir\u2026<\/p>\n<p style=\"text-align: justify;\">Cette aventure peut \u00e9galement \u00eatre la porte d\u2019entr\u00e9e vers le module D&amp;D B10 \u00ab\u00a0Night\u2019s Dark Terror\u00a0\u00bb qui donne des d\u00e9tails sur l\u2019antique civilisation des Hutaakiens et sur les tribus d\u2019humano\u00efdes du royaume. Elle peut \u00e9galement \u00eatre l\u2019occasion pour eux d\u2019\u00eatre envoy\u00e9s dans le Hollow World en utilisant le module D&amp;D HWR2,\u00a0 \u00ab\u00a0Kingdom of Nithia\u00a0\u00bb, dont le d\u00e9cor rappelle l\u2019Egypte.<\/p>\n<h4 style=\"text-align: justify;\"><strong><br \/>\nLe tunnel secret\u00a0:<\/strong><\/h4>\n<p><img data-recalc-dims=\"1\" loading=\"lazy\" decoding=\"async\" class=\"alignnone wp-image-1338 colorbox-1327\" src=\"https:\/\/i0.wp.com\/glacas.fr\/lantredemystara\/wp-content\/uploads\/sites\/2\/2017\/03\/be5643bf8722a1036213903395340bef.jpg?resize=479%2C299\" alt=\"\" width=\"479\" height=\"299\" srcset=\"https:\/\/i0.wp.com\/glacas.fr\/lantredemystara\/wp-content\/uploads\/sites\/2\/2017\/03\/be5643bf8722a1036213903395340bef.jpg?w=1920 1920w, https:\/\/i0.wp.com\/glacas.fr\/lantredemystara\/wp-content\/uploads\/sites\/2\/2017\/03\/be5643bf8722a1036213903395340bef.jpg?resize=300%2C188 300w, https:\/\/i0.wp.com\/glacas.fr\/lantredemystara\/wp-content\/uploads\/sites\/2\/2017\/03\/be5643bf8722a1036213903395340bef.jpg?resize=1024%2C640 1024w, https:\/\/i0.wp.com\/glacas.fr\/lantredemystara\/wp-content\/uploads\/sites\/2\/2017\/03\/be5643bf8722a1036213903395340bef.jpg?resize=240%2C150 240w, https:\/\/i0.wp.com\/glacas.fr\/lantredemystara\/wp-content\/uploads\/sites\/2\/2017\/03\/be5643bf8722a1036213903395340bef.jpg?resize=150%2C94 150w\" sizes=\"auto, (max-width: 479px) 100vw, 479px\" \/><\/p>\n<p style=\"text-align: justify;\">En 1004, un ami du Baron Perlimpinpin \u00e9tait h\u00e9berg\u00e9 au Ch\u00e2teau entre deux aventures avec K\u00e9bir, Arik le Rageur, Yahovia, et Perlimpinpin. Il s\u2019agissait de Milunastus, un \u00e9l\u00e9mentaliste de pierre, originaire de la principaut\u00e9 de Caurenze \u00e0 Glantri.<\/p>\n<p style=\"text-align: justify;\">A la demande de Perlimpinpin, il utilisa sa science magique de la pierre pour creuser un tunnel sous la rivi\u00e8re Achelos. Ce tunnel part du ch\u00e2teau et aboutit de l\u2019autre cot\u00e9 de la rive dans le fortin qui prot\u00e8ge l\u2019embarcad\u00e8re. Ses dimensions permettent \u00e0 un cavalier de l\u2019emprunter sans baisser la t\u00eate. Il fut con\u00e7u comme une possibilit\u00e9 de faire intervenir rapidement une troupe de cavaliers si une attaque avait lieu sur la rive nord du Domaine.<\/p>\n<p style=\"text-align: justify;\">Tr\u00e8s peu de personnes connaissent son existence mais il suffirait qu\u2019une troupe de membres de l\u2019anneau de fer ou d\u2019orques en aient vent pour qu\u2019ils puissent mener un raid meurtrier au c\u0153ur du donjon\u2026 Le tunnel peut \u00e9galement donner lieu \u00e0 une attaque en r\u00e8gle du ch\u00e2teau en d\u00e9bouchant uniquement dans la cour de celui-ci.<\/p>\n<p>&nbsp;<\/p>\n","protected":false},"excerpt":{"rendered":"<p>Quelques id\u00e9es d&rsquo;aventures possibles dans la baronnie d&rsquo;Achelos &nbsp; Les sc\u00e9narii d\u00e9crits sont plut\u00f4t des id\u00e9es, des suggestions ou des cadres pour d\u00e9velopper vos propres aventures dans la Baronnie d&rsquo;Achelos, \u00e0 adapter en fonction du niveaux de vos personnages. Elles permettent de s\u2019approprier le domaine et certaines sont des portes<\/p>\n<p class=\"continue-reading-button\"> <a class=\"continue-reading-link\" href=\"http:\/\/glacas.fr\/lantredemystara\/decors-de-campagne2\/la-baronnie-dachelos\/aventures-possibles\/\">Suite<i class=\"crycon-right-dir\"><\/i><\/a><\/p>\n","protected":false},"author":1,"featured_media":0,"parent":62,"menu_order":8,"comment_status":"closed","ping_status":"closed","template":"","meta":{"ngg_post_thumbnail":0,"jetpack_post_was_ever_published":false,"footnotes":"","_links_to":"","_links_to_target":""},"categories":[1],"tags":[],"class_list":["post-1327","page","type-page","status-publish","hentry","category-non-classe","gallery-content-unit"],"aioseo_notices":[],"jetpack_sharing_enabled":true,"jetpack_shortlink":"https:\/\/wp.me\/P4nvCJ-lp","_links":{"self":[{"href":"http:\/\/glacas.fr\/lantredemystara\/wp-json\/wp\/v2\/pages\/1327","targetHints":{"allow":["GET"]}}],"collection":[{"href":"http:\/\/glacas.fr\/lantredemystara\/wp-json\/wp\/v2\/pages"}],"about":[{"href":"http:\/\/glacas.fr\/lantredemystara\/wp-json\/wp\/v2\/types\/page"}],"author":[{"embeddable":true,"href":"http:\/\/glacas.fr\/lantredemystara\/wp-json\/wp\/v2\/users\/1"}],"replies":[{"embeddable":true,"href":"http:\/\/glacas.fr\/lantredemystara\/wp-json\/wp\/v2\/comments?post=1327"}],"version-history":[{"count":9,"href":"http:\/\/glacas.fr\/lantredemystara\/wp-json\/wp\/v2\/pages\/1327\/revisions"}],"predecessor-version":[{"id":1367,"href":"http:\/\/glacas.fr\/lantredemystara\/wp-json\/wp\/v2\/pages\/1327\/revisions\/1367"}],"up":[{"embeddable":true,"href":"http:\/\/glacas.fr\/lantredemystara\/wp-json\/wp\/v2\/pages\/62"}],"wp:attachment":[{"href":"http:\/\/glacas.fr\/lantredemystara\/wp-json\/wp\/v2\/media?parent=1327"}],"wp:term":[{"taxonomy":"category","embeddable":true,"href":"http:\/\/glacas.fr\/lantredemystara\/wp-json\/wp\/v2\/categories?post=1327"},{"taxonomy":"post_tag","embeddable":true,"href":"http:\/\/glacas.fr\/lantredemystara\/wp-json\/wp\/v2\/tags?post=1327"}],"curies":[{"name":"wp","href":"https:\/\/api.w.org\/{rel}","templated":true}]}}