{"id":130,"date":"2014-02-25T15:45:24","date_gmt":"2014-02-25T14:45:24","guid":{"rendered":"http:\/\/glacas.fr\/lantredemystara\/?page_id=130"},"modified":"2024-06-29T14:16:57","modified_gmt":"2024-06-29T13:16:57","slug":"liens","status":"publish","type":"page","link":"http:\/\/glacas.fr\/lantredemystara\/vous-avez-dit-dd\/liens\/","title":{"rendered":"Liens"},"content":{"rendered":"<p style=\"text-align: center;\"><img data-recalc-dims=\"1\" loading=\"lazy\" decoding=\"async\" class=\"alignnone size-full wp-image-1512 colorbox-130\" src=\"https:\/\/i0.wp.com\/glacas.fr\/lantredemystara\/wp-content\/uploads\/sites\/2\/2014\/02\/dd-logoarchive2.gif?resize=343%2C162\" alt=\"\" width=\"343\" height=\"162\" \/><\/p>\n<h2 style=\"text-align: center;\"><strong>Pour ceux qui veulent en savoir plus<\/strong><\/h2>\n<p>&nbsp;<\/p>\n<p>&nbsp;<\/p>\n<p style=\"text-align: justify;\">Notre modeste petit site de ressources sur Mystara ne serait rien sans l&rsquo;immense travail de collecte et d&rsquo;\u00e9criture effectu\u00e9 depuis des ann\u00e9es par des milliers de fans partout dans le monde.<\/p>\n<p style=\"text-align: justify;\">\u00c9videmment, il serait vain d&rsquo;esp\u00e9rer les recenser tous mais vous trouverez ci-dessous ceux que nous pr\u00e9f\u00e9rons ou ceux qui nous ont beaucoup aid\u00e9s, que ce soit pour faire ce site ou dans nos animations de parties de D&amp;D BECMI.<\/p>\n<p style=\"text-align: justify;\">J&rsquo;en profite, s&rsquo;il leur arrive par hasard de lire ces pages, pour les remercier de nous accorder les droits de valoriser leurs produits ou leur travail. Nous essayons de les citer \u00e0 chaque bas de page de d\u00e9but d&rsquo;un chapitre. S&rsquo;ils estiment que nous les avons oubli\u00e9s ou mal cit\u00e9s, nous sommes pr\u00eats \u00e0 rectifier ou \u00e0 compl\u00e9ter \u00e0 leur demande.<\/p>\n<p>&nbsp;<\/p>\n<p><span style=\"text-decoration: underline;\"><strong>Pour en savoir plus, allez visiter ces autres sites :<\/strong> <\/span><\/p>\n<p><a href=\"http:\/\/www.tsrarchive.com\/index3.html\"><img data-recalc-dims=\"1\" loading=\"lazy\" decoding=\"async\" class=\"alignleft wp-image-1512 colorbox-130\" src=\"https:\/\/i0.wp.com\/glacas.fr\/lantredemystara\/wp-content\/uploads\/sites\/2\/2014\/02\/dd-logoarchive2.gif?resize=284%2C134\" alt=\"\" width=\"284\" height=\"134\" \/><\/a><\/p>\n<p>A tout seigneur tout honneur, le site des archives de TSR o\u00f9 l\u2019on peut trouver les listes et les couvertures de tous les produits publi\u00e9s par Mystara et Wizard of the Coast.<\/p>\n<p><a href=\"http:\/\/www.tsrarchive.com\/index3.html\">http:\/\/www.tsrarchive.com\/index3.html<\/a><\/p>\n<p>&nbsp;<\/p>\n<p>&nbsp;<\/p>\n<p><a href=\"http:\/\/pandius.com\/\"><img data-recalc-dims=\"1\" loading=\"lazy\" decoding=\"async\" class=\"wp-image-1513 alignleft colorbox-130\" src=\"https:\/\/i0.wp.com\/glacas.fr\/lantredemystara\/wp-content\/uploads\/sites\/2\/2014\/02\/pandius_banner4.gif?resize=276%2C62\" alt=\"\" width=\"276\" height=\"62\" \/><\/a>Voici THE site o\u00f9 vous trouverez tout et au-del\u00e0\u2026A condition de lire l\u2019anglais mais \u00e7a vaut le coup de faire un effort\u2026 Sans Vault of Pandius, je n&rsquo;aurai pas d\u00e9velopp\u00e9 le quart de ce que j&rsquo;ai \u00e9crit sur Mystara : \u00a0 <a href=\"http:\/\/pandius.com\/\" target=\"_blank\" rel=\"noopener noreferrer\">http:\/\/pandius.com\/<\/a><\/p>\n<p>&nbsp;<\/p>\n<p>&nbsp;<\/p>\n<div><\/div>\n<div><\/div>\n<p><a href=\"http:\/\/www.thepiazza.org.uk\/bb\/index.php\"><img data-recalc-dims=\"1\" loading=\"lazy\" decoding=\"async\" class=\"wp-image-1514 alignleft colorbox-130\" src=\"https:\/\/i0.wp.com\/glacas.fr\/lantredemystara\/wp-content\/uploads\/sites\/2\/2014\/02\/Piazza_San_Marco_135x86.jpg?resize=265%2C169\" alt=\"\" width=\"265\" height=\"169\" \/><\/a><strong>The Piazza<\/strong><\/p>\n<p style=\"text-align: justify;\">Ce forum est le prolongement naturel de Vault of Pandius o\u00f9 l&rsquo;on discute des mondes de jeux, des produits et surtout de tous le travail de production d&rsquo;articles et de compl\u00e9ments qu&rsquo;effectue les milliers de fans.<\/p>\n<p style=\"text-align: left;\"><a href=\"http:\/\/www.thepiazza.org.uk\/bb\/index.php\">http:\/\/www.thepiazza.org.uk\/bb\/index.php<br \/>\n<\/a><\/p>\n<p>&nbsp;<\/p>\n<p>&nbsp;<\/p>\n<p><a href=\"http:\/\/www.thorfmaps.com\/\"><img data-recalc-dims=\"1\" loading=\"lazy\" decoding=\"async\" class=\"alignleft wp-image-1522 size-full colorbox-130\" src=\"https:\/\/i0.wp.com\/glacas.fr\/lantredemystara\/wp-content\/uploads\/sites\/2\/2014\/02\/images-1.jpg?resize=225%2C225\" alt=\"\" width=\"225\" height=\"225\" srcset=\"https:\/\/i0.wp.com\/glacas.fr\/lantredemystara\/wp-content\/uploads\/sites\/2\/2014\/02\/images-1.jpg?w=225 225w, https:\/\/i0.wp.com\/glacas.fr\/lantredemystara\/wp-content\/uploads\/sites\/2\/2014\/02\/images-1.jpg?resize=150%2C150 150w\" sizes=\"auto, (max-width: 225px) 100vw, 225px\" \/><\/a>Le site de <b>Thorfinn Tait,<\/b> le meilleur cartographe de Mystara (selon moi). Ces cartes sont des merveilles de pr\u00e9cision et de compl\u00e9mentarit\u00e9. Et en plus elles sont belles !<\/p>\n<p>Sans Thorfinn Tait, nous n&rsquo;aurions jamais pu r\u00e9aliser le voyage interactif de Mystara. Qu&rsquo;il en soit, encore une fois, sinc\u00e8rement remerci\u00e9 !<\/p>\n<p><a href=\"http:\/\/www.thorfmaps.com\/\">http:\/\/www.thorfmaps.com\/<\/a><\/p>\n<p>&nbsp;<\/p>\n<p>&nbsp;<\/p>\n<p>&nbsp;<\/p>\n<p style=\"text-align: justify;\"><a href=\"http:\/\/www.donjondudragon.fr\/\"><img data-recalc-dims=\"1\" loading=\"lazy\" decoding=\"async\" class=\"alignleft wp-image-1517 colorbox-130\" src=\"https:\/\/i0.wp.com\/glacas.fr\/lantredemystara\/wp-content\/uploads\/sites\/2\/2014\/02\/le_logo_du_donjon_du_dragon___ddd_by_galliskinmaufrius-d5sy1bx.jpg?resize=255%2C195\" alt=\"\" width=\"255\" height=\"195\" srcset=\"https:\/\/i0.wp.com\/glacas.fr\/lantredemystara\/wp-content\/uploads\/sites\/2\/2014\/02\/le_logo_du_donjon_du_dragon___ddd_by_galliskinmaufrius-d5sy1bx.jpg?w=1022 1022w, https:\/\/i0.wp.com\/glacas.fr\/lantredemystara\/wp-content\/uploads\/sites\/2\/2014\/02\/le_logo_du_donjon_du_dragon___ddd_by_galliskinmaufrius-d5sy1bx.jpg?resize=300%2C229 300w, https:\/\/i0.wp.com\/glacas.fr\/lantredemystara\/wp-content\/uploads\/sites\/2\/2014\/02\/le_logo_du_donjon_du_dragon___ddd_by_galliskinmaufrius-d5sy1bx.jpg?resize=196%2C150 196w, https:\/\/i0.wp.com\/glacas.fr\/lantredemystara\/wp-content\/uploads\/sites\/2\/2014\/02\/le_logo_du_donjon_du_dragon___ddd_by_galliskinmaufrius-d5sy1bx.jpg?resize=150%2C115 150w\" sizes=\"auto, (max-width: 255px) 100vw, 255px\" \/><\/a><b>Le Donjon du Dragon<\/b>, masteris\u00e9 par une \u00e9quipe de choc (salutations respectueuses de Glacas\u2026). Un site en fran\u00e7ais ou des mordus font un travail \u00c9NORME\u00a0: scanner des vieux modules introuvables et traduire ceux que TSR n\u2019a pas publi\u00e9 dans la langue de Moli\u00e8re.<\/p>\n<p style=\"text-align: justify;\">Vous y trouverez en PDF quasiment tous les modules, gazetteer et suppl\u00e9ments. Respect et salutations \u00e0 tous les gardiens du Dragon\u2026.<\/p>\n<p><a href=\"http:\/\/www.donjondudragon.fr\/\">http:\/\/www.donjondudragon.fr\/<\/a><\/p>\n<p>&nbsp;<\/p>\n<p>&nbsp;<\/p>\n<p>&nbsp;<\/p>\n<p>&nbsp;<\/p>\n<p><a href=\"https:\/\/geocities.restorativland.org\/tharquil\/\"><img data-recalc-dims=\"1\" loading=\"lazy\" decoding=\"async\" class=\"wp-image-1525 alignleft colorbox-130\" src=\"https:\/\/i0.wp.com\/glacas.fr\/lantredemystara\/wp-content\/uploads\/sites\/2\/2014\/02\/door.gif?resize=173%2C270\" alt=\"\" width=\"173\" height=\"270\" srcset=\"https:\/\/i0.wp.com\/glacas.fr\/lantredemystara\/wp-content\/uploads\/sites\/2\/2014\/02\/door.gif?w=150 150w, https:\/\/i0.wp.com\/glacas.fr\/lantredemystara\/wp-content\/uploads\/sites\/2\/2014\/02\/door.gif?resize=96%2C150 96w\" sizes=\"auto, (max-width: 173px) 100vw, 173px\" \/><\/a><\/p>\n<p>L\u2019excellent site en Fran\u00e7ais de Tharquil, fait par Dominique Rivard\u00a0o\u00f9 vous trouverez des cartes mais surtout une fiche tr\u00e8s bien \u00e9crite pour chaque Gazetter. Un site indispensable quand vous vous baladez dans les royaumes et que vous voulez avoir du fond.<\/p>\n<p>Le site est ancien et pas mis \u00e0 jour depuis longtemps mais nous nous en sommes beaucoup inspir\u00e9s pour la description des royaumes ou de l&rsquo;histoire de Mystara ou de la magie<\/p>\n<p><a href=\"https:\/\/geocities.restorativland.org\/tharquil\/\">http:\/\/www.reocities.com\/tharquil\/<\/a><\/p>\n<p>&nbsp;<\/p>\n<p>&nbsp;<\/p>\n<p>&nbsp;<\/p>\n<p><a href=\"http:\/\/www.legrog.org\/jeux\/donjons-et-dragons\"><img data-recalc-dims=\"1\" loading=\"lazy\" decoding=\"async\" class=\"alignleft wp-image-1526 size-full colorbox-130\" src=\"https:\/\/i0.wp.com\/glacas.fr\/lantredemystara\/wp-content\/uploads\/sites\/2\/2014\/02\/Le-grog.png?resize=252%2C160\" alt=\"\" width=\"252\" height=\"160\" srcset=\"https:\/\/i0.wp.com\/glacas.fr\/lantredemystara\/wp-content\/uploads\/sites\/2\/2014\/02\/Le-grog.png?w=252 252w, https:\/\/i0.wp.com\/glacas.fr\/lantredemystara\/wp-content\/uploads\/sites\/2\/2014\/02\/Le-grog.png?resize=250%2C160 250w, https:\/\/i0.wp.com\/glacas.fr\/lantredemystara\/wp-content\/uploads\/sites\/2\/2014\/02\/Le-grog.png?resize=236%2C150 236w, https:\/\/i0.wp.com\/glacas.fr\/lantredemystara\/wp-content\/uploads\/sites\/2\/2014\/02\/Le-grog.png?resize=150%2C95 150w\" sizes=\"auto, (max-width: 252px) 100vw, 252px\" \/><\/a><\/p>\n<p>Un site en fran\u00e7ais avec des fiches descriptives de la plupart des produits li\u00e9s \u00e0 Mystara.<\/p>\n<p>Nombre des images des couverture des Gazetteers que nous avons utilis\u00e9es en sont issues.<\/p>\n<p><a href=\"http:\/\/www.legrog.org\/jeux\/donjons-et-dragons\">http:\/\/www.legrog.org\/jeux\/donjons-et-dragons<\/a><\/p>\n<p>&nbsp;<\/p>\n<p>&nbsp;<\/p>\n<p>&nbsp;<\/p>\n<p><strong>Mais \u00e9galement\u00a0:<\/strong><\/p>\n<p><a href=\"http:\/\/fr.wikipedia.org\/wiki\/Mystara\" target=\"_blank\" rel=\"noopener noreferrer\">http:\/\/fr.wikipedia.org\/wiki\/Mystara<\/a><\/p>\n<p><a href=\"http:\/\/www.users.waitrose.com\/%7Ealanderekjones\/karameikos-main.html\" target=\"_blank\" rel=\"noopener noreferrer\">http:\/\/www.users.waitrose.com\/~alanderekjones\/karameikos-main.html<\/a><\/p>\n","protected":false},"excerpt":{"rendered":"<p>Pour ceux qui veulent en savoir plus &nbsp; &nbsp; Notre modeste petit site de ressources sur Mystara ne serait rien sans l&rsquo;immense travail de collecte et d&rsquo;\u00e9criture effectu\u00e9 depuis des ann\u00e9es par des milliers de fans partout dans le monde. \u00c9videmment, il serait vain d&rsquo;esp\u00e9rer les recenser tous mais vous<\/p>\n<p class=\"continue-reading-button\"> <a class=\"continue-reading-link\" href=\"http:\/\/glacas.fr\/lantredemystara\/vous-avez-dit-dd\/liens\/\">Suite<i class=\"crycon-right-dir\"><\/i><\/a><\/p>\n","protected":false},"author":1,"featured_media":0,"parent":28,"menu_order":3,"comment_status":"open","ping_status":"open","template":"","meta":{"ngg_post_thumbnail":0,"jetpack_post_was_ever_published":false,"footnotes":"","_links_to":"","_links_to_target":""},"categories":[],"tags":[],"class_list":["post-130","page","type-page","status-publish","hentry","gallery-content-unit"],"aioseo_notices":[],"jetpack_sharing_enabled":true,"jetpack_shortlink":"https:\/\/wp.me\/P4nvCJ-26","_links":{"self":[{"href":"http:\/\/glacas.fr\/lantredemystara\/wp-json\/wp\/v2\/pages\/130","targetHints":{"allow":["GET"]}}],"collection":[{"href":"http:\/\/glacas.fr\/lantredemystara\/wp-json\/wp\/v2\/pages"}],"about":[{"href":"http:\/\/glacas.fr\/lantredemystara\/wp-json\/wp\/v2\/types\/page"}],"author":[{"embeddable":true,"href":"http:\/\/glacas.fr\/lantredemystara\/wp-json\/wp\/v2\/users\/1"}],"replies":[{"embeddable":true,"href":"http:\/\/glacas.fr\/lantredemystara\/wp-json\/wp\/v2\/comments?post=130"}],"version-history":[{"count":20,"href":"http:\/\/glacas.fr\/lantredemystara\/wp-json\/wp\/v2\/pages\/130\/revisions"}],"predecessor-version":[{"id":3131,"href":"http:\/\/glacas.fr\/lantredemystara\/wp-json\/wp\/v2\/pages\/130\/revisions\/3131"}],"up":[{"embeddable":true,"href":"http:\/\/glacas.fr\/lantredemystara\/wp-json\/wp\/v2\/pages\/28"}],"wp:attachment":[{"href":"http:\/\/glacas.fr\/lantredemystara\/wp-json\/wp\/v2\/media?parent=130"}],"wp:term":[{"taxonomy":"category","embeddable":true,"href":"http:\/\/glacas.fr\/lantredemystara\/wp-json\/wp\/v2\/categories?post=130"},{"taxonomy":"post_tag","embeddable":true,"href":"http:\/\/glacas.fr\/lantredemystara\/wp-json\/wp\/v2\/tags?post=130"}],"curies":[{"name":"wp","href":"https:\/\/api.w.org\/{rel}","templated":true}]}}