{"id":1144,"date":"2017-03-14T12:29:35","date_gmt":"2017-03-14T11:29:35","guid":{"rendered":"http:\/\/glacas.fr\/lantredemystara\/?page_id=1144"},"modified":"2020-03-17T18:34:36","modified_gmt":"2020-03-17T17:34:36","slug":"cites-golfe-de-hule","status":"publish","type":"page","link":"http:\/\/glacas.fr\/lantredemystara\/mystara\/voyage-a-mystara\/mystara\/cites-golfe-de-hule\/","title":{"rendered":"Cit\u00e9s Golfe de Hule"},"content":{"rendered":"<p style=\"text-align: center;\"><a href=\"http:\/\/glacas.fr\/lantredemystara\/mystara\/voyage-a-mystara\/mystara\/cites-golfe-de-hule\/blasons\/\" rel=\"attachment wp-att-1148\"><img data-recalc-dims=\"1\" loading=\"lazy\" decoding=\"async\" class=\"alignnone wp-image-1148 colorbox-1144\" src=\"https:\/\/i0.wp.com\/glacas.fr\/lantredemystara\/wp-content\/uploads\/sites\/2\/2017\/03\/blasons.jpeg?resize=530%2C171\" alt=\"\" width=\"530\" height=\"171\" srcset=\"https:\/\/i0.wp.com\/glacas.fr\/lantredemystara\/wp-content\/uploads\/sites\/2\/2017\/03\/blasons.jpeg?w=707 707w, https:\/\/i0.wp.com\/glacas.fr\/lantredemystara\/wp-content\/uploads\/sites\/2\/2017\/03\/blasons.jpeg?resize=300%2C97 300w, https:\/\/i0.wp.com\/glacas.fr\/lantredemystara\/wp-content\/uploads\/sites\/2\/2017\/03\/blasons.jpeg?resize=250%2C81 250w, https:\/\/i0.wp.com\/glacas.fr\/lantredemystara\/wp-content\/uploads\/sites\/2\/2017\/03\/blasons.jpeg?resize=150%2C48 150w\" sizes=\"auto, (max-width: 530px) 100vw, 530px\" \/><\/a><\/p>\n<h2 style=\"text-align: center;\"><strong>Les Cit\u00e9s-Etats du golfe de Hule<\/strong><\/h2>\n<p style=\"text-align: center;\"><div id=\"image-map-pro-9215\"><\/div>\n<h3><\/h3>\n<h3><strong>Description :<\/strong><\/h3>\n<p><strong>Slagovich, Hojah, Nova Svoga, Zagora et Zvornik<\/strong>, les 5 Cit\u00e9s-\u00c9tats du golfe de Hule, sont situ\u00e9es sur le continent de Brun, au nord-ouest de la P\u00e9ninsule du Serpent.<\/p>\n<p style=\"text-align: center;\">\u00a0<a href=\"http:\/\/glacas.fr\/lantredemystara\/mystara\/voyage-a-mystara\/mystara\/cites-golfe-de-hule\/situation_slagovich_karameikos_mystara\/\" rel=\"attachment wp-att-1159\"><img data-recalc-dims=\"1\" loading=\"lazy\" decoding=\"async\" class=\"alignnone size-full wp-image-1159 colorbox-1144\" src=\"https:\/\/i0.wp.com\/glacas.fr\/lantredemystara\/wp-content\/uploads\/sites\/2\/2017\/03\/Situation_Slagovich_Karameikos_mystara.jpg?resize=887%2C482\" alt=\"\" width=\"887\" height=\"482\" srcset=\"https:\/\/i0.wp.com\/glacas.fr\/lantredemystara\/wp-content\/uploads\/sites\/2\/2017\/03\/Situation_Slagovich_Karameikos_mystara.jpg?w=887 887w, https:\/\/i0.wp.com\/glacas.fr\/lantredemystara\/wp-content\/uploads\/sites\/2\/2017\/03\/Situation_Slagovich_Karameikos_mystara.jpg?resize=300%2C163 300w, https:\/\/i0.wp.com\/glacas.fr\/lantredemystara\/wp-content\/uploads\/sites\/2\/2017\/03\/Situation_Slagovich_Karameikos_mystara.jpg?resize=250%2C136 250w, https:\/\/i0.wp.com\/glacas.fr\/lantredemystara\/wp-content\/uploads\/sites\/2\/2017\/03\/Situation_Slagovich_Karameikos_mystara.jpg?resize=150%2C82 150w\" sizes=\"auto, (max-width: 887px) 100vw, 887px\" \/><\/a><\/p>\n<p><a href=\"http:\/\/glacas.fr\/lantredemystara\/mystara\/voyage-a-mystara\/mystara\/cites-golfe-de-hule\/situation_slagovich_karameikos_brun\/\" rel=\"attachment wp-att-1157\"><img data-recalc-dims=\"1\" loading=\"lazy\" decoding=\"async\" class=\" wp-image-1157 aligncenter colorbox-1144\" src=\"https:\/\/i0.wp.com\/glacas.fr\/lantredemystara\/wp-content\/uploads\/sites\/2\/2017\/03\/Situation_Slagovich_Karameikos_brun.jpg?resize=554%2C251\" alt=\"\" width=\"554\" height=\"251\" srcset=\"https:\/\/i0.wp.com\/glacas.fr\/lantredemystara\/wp-content\/uploads\/sites\/2\/2017\/03\/Situation_Slagovich_Karameikos_brun.jpg?w=468 468w, https:\/\/i0.wp.com\/glacas.fr\/lantredemystara\/wp-content\/uploads\/sites\/2\/2017\/03\/Situation_Slagovich_Karameikos_brun.jpg?resize=300%2C136 300w, https:\/\/i0.wp.com\/glacas.fr\/lantredemystara\/wp-content\/uploads\/sites\/2\/2017\/03\/Situation_Slagovich_Karameikos_brun.jpg?resize=250%2C113 250w, https:\/\/i0.wp.com\/glacas.fr\/lantredemystara\/wp-content\/uploads\/sites\/2\/2017\/03\/Situation_Slagovich_Karameikos_brun.jpg?resize=150%2C68 150w\" sizes=\"auto, (max-width: 554px) 100vw, 554px\" \/><\/a><\/p>\n<p>Elles sont nich\u00e9es sur la pointe sud-ouest des Montagnes Noires \u00e0 l\u2019endroit o\u00f9 celles-ci rencontrent la mer Occidentale dans le golfe de Hule.<\/p>\n<p>Cette chaine de montagne est la v\u00e9ritable fronti\u00e8re naturelle entre l\u2019immense d\u00e9sert de Sind \u00e0 L\u2019est et Hule au Nord-Ouest. A l\u2019ouest, de l\u2019autre cot\u00e9 du golfe, s\u2019\u00e9tendent les Terres Sauvages.<\/p>\n<p><a href=\"http:\/\/glacas.fr\/lantredemystara\/mystara\/voyage-a-mystara\/mystara\/cites-golfe-de-hule\/souscontinent-large\/\" rel=\"attachment wp-att-1158\"><img data-recalc-dims=\"1\" loading=\"lazy\" decoding=\"async\" class=\"size-full wp-image-1158 aligncenter colorbox-1144\" src=\"https:\/\/i0.wp.com\/glacas.fr\/lantredemystara\/wp-content\/uploads\/sites\/2\/2017\/03\/SousContinent-Large.jpg?resize=950%2C777\" alt=\"\" width=\"950\" height=\"777\" srcset=\"https:\/\/i0.wp.com\/glacas.fr\/lantredemystara\/wp-content\/uploads\/sites\/2\/2017\/03\/SousContinent-Large.jpg?w=1321 1321w, https:\/\/i0.wp.com\/glacas.fr\/lantredemystara\/wp-content\/uploads\/sites\/2\/2017\/03\/SousContinent-Large.jpg?resize=300%2C245 300w, https:\/\/i0.wp.com\/glacas.fr\/lantredemystara\/wp-content\/uploads\/sites\/2\/2017\/03\/SousContinent-Large.jpg?resize=1024%2C837 1024w, https:\/\/i0.wp.com\/glacas.fr\/lantredemystara\/wp-content\/uploads\/sites\/2\/2017\/03\/SousContinent-Large.jpg?resize=183%2C150 183w, https:\/\/i0.wp.com\/glacas.fr\/lantredemystara\/wp-content\/uploads\/sites\/2\/2017\/03\/SousContinent-Large.jpg?resize=150%2C123 150w\" sizes=\"auto, (max-width: 950px) 100vw, 950px\" \/><\/a><\/p>\n<p>Elles sont s\u00e9par\u00e9es de Hule par un petit bras mer, qui touche les rivages du nord du golfe. Elles constituent donc le seul v\u00e9ritable point de contact entre la partie Est du continent (le \u00ab Monde Connu\u00bb) et la partie ouest (\u00ab\u00a0Les Terres sauvages\u00a0\u00bb).<\/p>\n<p><a href=\"http:\/\/glacas.fr\/lantredemystara\/mystara\/voyage-a-mystara\/mystara\/cites-golfe-de-hule\/slago2\/\" rel=\"attachment wp-att-1160\"><img data-recalc-dims=\"1\" loading=\"lazy\" decoding=\"async\" class=\"size-full wp-image-1160 aligncenter colorbox-1144\" src=\"https:\/\/i0.wp.com\/glacas.fr\/lantredemystara\/wp-content\/uploads\/sites\/2\/2017\/03\/Slago2.png?resize=809%2C1136\" alt=\"\" width=\"809\" height=\"1136\" srcset=\"https:\/\/i0.wp.com\/glacas.fr\/lantredemystara\/wp-content\/uploads\/sites\/2\/2017\/03\/Slago2.png?w=809 809w, https:\/\/i0.wp.com\/glacas.fr\/lantredemystara\/wp-content\/uploads\/sites\/2\/2017\/03\/Slago2.png?resize=214%2C300 214w, https:\/\/i0.wp.com\/glacas.fr\/lantredemystara\/wp-content\/uploads\/sites\/2\/2017\/03\/Slago2.png?resize=729%2C1024 729w, https:\/\/i0.wp.com\/glacas.fr\/lantredemystara\/wp-content\/uploads\/sites\/2\/2017\/03\/Slago2.png?resize=107%2C150 107w\" sizes=\"auto, (max-width: 809px) 100vw, 809px\" \/><\/a><\/p>\n<p>En effet, juste au nord de Slagovich, c\u2019est Hule, un territoire assez ferm\u00e9 et les Montagnes Noires continuent jusque tr\u00e8s au nord. Hule est un voisin dangereux, constamment en d\u00e9saccord avec les nations plus petites \u00e0 ses fronti\u00e8res.<\/p>\n<p>Du coup, les marchands et explorateurs n\u2019ont jamais contourn\u00e9s ces montagnes par le nord pour explorer le reste du continent. Il est par contre toujours possible de passer par la mer.<\/p>\n<p>Ce sont des petits royaumes, chacun gouvern\u00e9s par un Margrave et jalouses de leur ind\u00e9pendance.<\/p>\n<p>Les habitants des Cit\u00e9s ont la peau brun-rouge\u00e2tre et des cheveux sombre ou roux, boucl\u00e9s ou ondul\u00e9s. Cela r\u00e9sulte d&rsquo;un m\u00e9lange d&rsquo;Yavdlom, d\u2019Oltec et de Traladariens. Ils sont l\u00e9g\u00e8rement plus petits que la moyenne des humains.<\/p>\n<p>Ils pr\u00e9f\u00e8rent s\u2019habiller de sombre et d\u2019uni, quoique des \u00e9charpes brillantes et des ceintures soient port\u00e9es durant les f\u00eates.<\/p>\n<h3><strong>Description des cit\u00e9s Etats :<\/strong><\/h3>\n<div id=\"gallery-2\" class=\"gallery galleryid-2 default columns_5 gallery-columns-5  gallery-size-thumbnail \">\n<dl class=\"gallery-item gallery-startcol\">\n\t<dt class=\"gallery-icon\"><a href=\"http:\/\/glacas.fr\/lantredemystara\/mystara\/voyage-a-mystara\/mystara\/cites-golfe-de-hule\/slagovich\/\" title=\"\" class=\"rl-gallery-link set-target no-lightbox\" target=\"_blank\">\t\t\t<img loading=\"lazy\" decoding=\"async\" src=\"https:\/\/i0.wp.com\/glacas.fr\/lantredemystara\/wp-content\/uploads\/sites\/2\/2017\/03\/Blason_Slagovich.jpg?resize=93%2C122\" width=\"93\" height=\"122\" title=\"\" class=\"attachment-thumbnail colorbox-1144\" alt=\"\" \/><\/a>\t<\/dt>\n\t\t<dd class=\"wp-caption-text gallery-caption\">\n\t\tSlagovich\t<\/dd><\/dl>\n<dl class=\"gallery-item\">\n\t<dt class=\"gallery-icon\"><a href=\"http:\/\/glacas.fr\/lantredemystara\/mystara\/voyage-a-mystara\/mystara\/cites-golfe-de-hule\/hojah\/\" title=\"\" class=\"rl-gallery-link no-lightbox\">\t\t\t<img loading=\"lazy\" decoding=\"async\" src=\"https:\/\/i0.wp.com\/glacas.fr\/lantredemystara\/wp-content\/uploads\/sites\/2\/2017\/03\/Blason_Hojah.jpg?resize=94%2C118\" width=\"94\" height=\"118\" title=\"\" class=\"attachment-thumbnail colorbox-1144\" alt=\"\" \/><\/a>\t<\/dt>\n\t\t<dd class=\"wp-caption-text gallery-caption\">\n\t\tHojah\t<\/dd><\/dl>\n<dl class=\"gallery-item\">\n\t<dt class=\"gallery-icon\"><a href=\"http:\/\/glacas.fr\/lantredemystara\/mystara\/voyage-a-mystara\/mystara\/cites-golfe-de-hule\/zvornik\/\" title=\"\" class=\"rl-gallery-link no-lightbox\">\t\t\t<img loading=\"lazy\" decoding=\"async\" src=\"https:\/\/i0.wp.com\/glacas.fr\/lantredemystara\/wp-content\/uploads\/sites\/2\/2017\/03\/Blason_Zvornik.jpg?resize=94%2C116\" width=\"94\" height=\"116\" title=\"\" class=\"attachment-thumbnail colorbox-1144\" alt=\"\" \/><\/a>\t<\/dt>\n\t\t<dd class=\"wp-caption-text gallery-caption\">\n\t\tZvornik\t<\/dd><\/dl>\n<dl class=\"gallery-item\">\n\t<dt class=\"gallery-icon\"><a href=\"http:\/\/glacas.fr\/lantredemystara\/mystara\/voyage-a-mystara\/mystara\/cites-golfe-de-hule\/zagora\/\" title=\"\" class=\"rl-gallery-link no-lightbox\">\t\t\t<img loading=\"lazy\" decoding=\"async\" src=\"https:\/\/i0.wp.com\/glacas.fr\/lantredemystara\/wp-content\/uploads\/sites\/2\/2017\/03\/Blason_Zagora.jpg?resize=93%2C119\" width=\"93\" height=\"119\" title=\"\" class=\"attachment-thumbnail colorbox-1144\" alt=\"\" \/><\/a>\t<\/dt>\n\t\t<dd class=\"wp-caption-text gallery-caption\">\n\t\tZagora\t<\/dd><\/dl>\n<dl class=\"gallery-item gallery-endcol\">\n\t<dt class=\"gallery-icon\"><a href=\"http:\/\/glacas.fr\/lantredemystara\/mystara\/voyage-a-mystara\/mystara\/cites-golfe-de-hule\/nova-svoga\/\" title=\"\" class=\"rl-gallery-link no-lightbox\">\t\t\t<img loading=\"lazy\" decoding=\"async\" src=\"https:\/\/i0.wp.com\/glacas.fr\/lantredemystara\/wp-content\/uploads\/sites\/2\/2017\/03\/Blason_Nova_Svoga.jpg?resize=95%2C121\" width=\"95\" height=\"121\" title=\"\" class=\"attachment-thumbnail colorbox-1144\" alt=\"\" \/><\/a>\t<\/dt>\n\t\t<dd class=\"wp-caption-text gallery-caption\">\n\t\tNova Zvoga\t<\/dd><\/dl>\n\n<br class='clear' \/>\n\n\n<\/div>\n","protected":false},"excerpt":{"rendered":"<p>Les Cit\u00e9s-Etats du golfe de Hule Description : Slagovich, Hojah, Nova Svoga, Zagora et Zvornik, les 5 Cit\u00e9s-\u00c9tats du golfe de Hule, sont situ\u00e9es sur le continent de Brun, au nord-ouest de la P\u00e9ninsule du Serpent. \u00a0 Elles sont nich\u00e9es sur la pointe sud-ouest des Montagnes Noires \u00e0 l\u2019endroit o\u00f9<\/p>\n<p class=\"continue-reading-button\"> <a class=\"continue-reading-link\" href=\"http:\/\/glacas.fr\/lantredemystara\/mystara\/voyage-a-mystara\/mystara\/cites-golfe-de-hule\/\">Suite<i class=\"crycon-right-dir\"><\/i><\/a><\/p>\n","protected":false},"author":1,"featured_media":0,"parent":1001,"menu_order":1,"comment_status":"closed","ping_status":"closed","template":"","meta":{"ngg_post_thumbnail":0,"jetpack_post_was_ever_published":false,"footnotes":"","_links_to":"","_links_to_target":""},"categories":[1],"tags":[],"class_list":["post-1144","page","type-page","status-publish","hentry","category-non-classe","gallery-content-unit"],"aioseo_notices":[],"jetpack_sharing_enabled":true,"jetpack_shortlink":"https:\/\/wp.me\/P4nvCJ-is","_links":{"self":[{"href":"http:\/\/glacas.fr\/lantredemystara\/wp-json\/wp\/v2\/pages\/1144","targetHints":{"allow":["GET"]}}],"collection":[{"href":"http:\/\/glacas.fr\/lantredemystara\/wp-json\/wp\/v2\/pages"}],"about":[{"href":"http:\/\/glacas.fr\/lantredemystara\/wp-json\/wp\/v2\/types\/page"}],"author":[{"embeddable":true,"href":"http:\/\/glacas.fr\/lantredemystara\/wp-json\/wp\/v2\/users\/1"}],"replies":[{"embeddable":true,"href":"http:\/\/glacas.fr\/lantredemystara\/wp-json\/wp\/v2\/comments?post=1144"}],"version-history":[{"count":17,"href":"http:\/\/glacas.fr\/lantredemystara\/wp-json\/wp\/v2\/pages\/1144\/revisions"}],"predecessor-version":[{"id":2517,"href":"http:\/\/glacas.fr\/lantredemystara\/wp-json\/wp\/v2\/pages\/1144\/revisions\/2517"}],"up":[{"embeddable":true,"href":"http:\/\/glacas.fr\/lantredemystara\/wp-json\/wp\/v2\/pages\/1001"}],"wp:attachment":[{"href":"http:\/\/glacas.fr\/lantredemystara\/wp-json\/wp\/v2\/media?parent=1144"}],"wp:term":[{"taxonomy":"category","embeddable":true,"href":"http:\/\/glacas.fr\/lantredemystara\/wp-json\/wp\/v2\/categories?post=1144"},{"taxonomy":"post_tag","embeddable":true,"href":"http:\/\/glacas.fr\/lantredemystara\/wp-json\/wp\/v2\/tags?post=1144"}],"curies":[{"name":"wp","href":"https:\/\/api.w.org\/{rel}","templated":true}]}}