{"id":1095,"date":"2017-03-14T01:48:05","date_gmt":"2017-03-14T00:48:05","guid":{"rendered":"http:\/\/glacas.fr\/lantredemystara\/?page_id=1095"},"modified":"2020-03-20T18:33:34","modified_gmt":"2020-03-20T17:33:34","slug":"atruaghins","status":"publish","type":"page","link":"http:\/\/glacas.fr\/lantredemystara\/mystara\/voyage-a-mystara\/mystara\/continent-de-brun\/monde-connu\/atruaghins\/","title":{"rendered":"Atruaghins"},"content":{"rendered":"<h2 style=\"text-align: center;\"><strong>Les Clans d&rsquo;Atruaghins<\/strong><\/h2>\n<p style=\"text-align: center;\"><a href=\"http:\/\/glacas.fr\/lantredemystara\/mystara\/voyage-a-mystara\/mystara\/continent-de-brun\/monde-connu\/atruaghins\/pic929033_md\/\" rel=\"attachment wp-att-1096\"><img data-recalc-dims=\"1\" loading=\"lazy\" decoding=\"async\" class=\"alignnone size-full wp-image-1096 colorbox-1095\" src=\"https:\/\/i0.wp.com\/glacas.fr\/lantredemystara\/wp-content\/uploads\/sites\/2\/2017\/03\/pic929033_md.jpg?resize=394%2C500\" alt=\"\" width=\"394\" height=\"500\" srcset=\"https:\/\/i0.wp.com\/glacas.fr\/lantredemystara\/wp-content\/uploads\/sites\/2\/2017\/03\/pic929033_md.jpg?w=394 394w, https:\/\/i0.wp.com\/glacas.fr\/lantredemystara\/wp-content\/uploads\/sites\/2\/2017\/03\/pic929033_md.jpg?resize=236%2C300 236w, https:\/\/i0.wp.com\/glacas.fr\/lantredemystara\/wp-content\/uploads\/sites\/2\/2017\/03\/pic929033_md.jpg?resize=118%2C150 118w\" sizes=\"auto, (max-width: 394px) 100vw, 394px\" \/><\/a><\/p>\n<p style=\"text-align: center;\"><a href=\"http:\/\/glacas.fr\/lantredemystara\/mystara\/voyage-a-mystara\/mystara\/continent-de-brun\/monde-connu\/atruaghins\/atruaghin-clans-8\/\" rel=\"attachment wp-att-1102\"><img data-recalc-dims=\"1\" loading=\"lazy\" decoding=\"async\" class=\"alignnone  wp-image-1102 colorbox-1095\" src=\"https:\/\/i0.wp.com\/glacas.fr\/lantredemystara\/wp-content\/uploads\/sites\/2\/2017\/03\/atruaghin-clans-8.png?resize=810%2C852\" alt=\"\" width=\"810\" height=\"852\" srcset=\"https:\/\/i0.wp.com\/glacas.fr\/lantredemystara\/wp-content\/uploads\/sites\/2\/2017\/03\/atruaghin-clans-8.png?w=3849 3849w, https:\/\/i0.wp.com\/glacas.fr\/lantredemystara\/wp-content\/uploads\/sites\/2\/2017\/03\/atruaghin-clans-8.png?resize=285%2C300 285w, https:\/\/i0.wp.com\/glacas.fr\/lantredemystara\/wp-content\/uploads\/sites\/2\/2017\/03\/atruaghin-clans-8.png?resize=974%2C1024 974w, https:\/\/i0.wp.com\/glacas.fr\/lantredemystara\/wp-content\/uploads\/sites\/2\/2017\/03\/atruaghin-clans-8.png?resize=143%2C150 143w, https:\/\/i0.wp.com\/glacas.fr\/lantredemystara\/wp-content\/uploads\/sites\/2\/2017\/03\/atruaghin-clans-8.png?w=1900 1900w, https:\/\/i0.wp.com\/glacas.fr\/lantredemystara\/wp-content\/uploads\/sites\/2\/2017\/03\/atruaghin-clans-8.png?w=2850 2850w\" sizes=\"auto, (max-width: 810px) 100vw, 810px\" \/><\/a><\/p>\n<p style=\"text-align: left;\"><strong>Introduction :<\/strong><\/p>\n<p style=\"text-align: justify;\">Ces plateaux herbeux et ces collines bois\u00e9es pr\u00e8s de la mer sont peupl\u00e9s d&rsquo;\u00e9leveurs, de chasseurs et de p\u00eacheurs qui vivent dans de petits villages.<\/p>\n<p>Tous ces villageois affirment descendre de l&rsquo;ancien h\u00e9ros Atruaghin. En cas Ce menace d&rsquo;invasion, ils s&rsquo;uniront rapidement sous l&rsquo;autorit\u00e9 d&rsquo;un chef \u00e9lu.<\/p>\n<p style=\"text-align: center;\">\n","protected":false},"excerpt":{"rendered":"<p>Les Clans d&rsquo;Atruaghins Introduction : Ces plateaux herbeux et ces collines bois\u00e9es pr\u00e8s de la mer sont peupl\u00e9s d&rsquo;\u00e9leveurs, de chasseurs et de p\u00eacheurs qui vivent dans de petits villages. Tous ces villageois affirment descendre de l&rsquo;ancien h\u00e9ros Atruaghin. En cas Ce menace d&rsquo;invasion, ils s&rsquo;uniront rapidement sous l&rsquo;autorit\u00e9 d&rsquo;un<\/p>\n<p class=\"continue-reading-button\"> <a class=\"continue-reading-link\" href=\"http:\/\/glacas.fr\/lantredemystara\/mystara\/voyage-a-mystara\/mystara\/continent-de-brun\/monde-connu\/atruaghins\/\">Suite<i class=\"crycon-right-dir\"><\/i><\/a><\/p>\n","protected":false},"author":1,"featured_media":0,"parent":877,"menu_order":13,"comment_status":"closed","ping_status":"closed","template":"","meta":{"ngg_post_thumbnail":0,"jetpack_post_was_ever_published":false,"footnotes":"","_links_to":"","_links_to_target":""},"categories":[1],"tags":[],"class_list":["post-1095","page","type-page","status-publish","hentry","category-non-classe","gallery-content-unit"],"aioseo_notices":[],"jetpack_sharing_enabled":true,"jetpack_shortlink":"https:\/\/wp.me\/P4nvCJ-hF","_links":{"self":[{"href":"http:\/\/glacas.fr\/lantredemystara\/wp-json\/wp\/v2\/pages\/1095","targetHints":{"allow":["GET"]}}],"collection":[{"href":"http:\/\/glacas.fr\/lantredemystara\/wp-json\/wp\/v2\/pages"}],"about":[{"href":"http:\/\/glacas.fr\/lantredemystara\/wp-json\/wp\/v2\/types\/page"}],"author":[{"embeddable":true,"href":"http:\/\/glacas.fr\/lantredemystara\/wp-json\/wp\/v2\/users\/1"}],"replies":[{"embeddable":true,"href":"http:\/\/glacas.fr\/lantredemystara\/wp-json\/wp\/v2\/comments?post=1095"}],"version-history":[{"count":6,"href":"http:\/\/glacas.fr\/lantredemystara\/wp-json\/wp\/v2\/pages\/1095\/revisions"}],"predecessor-version":[{"id":2619,"href":"http:\/\/glacas.fr\/lantredemystara\/wp-json\/wp\/v2\/pages\/1095\/revisions\/2619"}],"up":[{"embeddable":true,"href":"http:\/\/glacas.fr\/lantredemystara\/wp-json\/wp\/v2\/pages\/877"}],"wp:attachment":[{"href":"http:\/\/glacas.fr\/lantredemystara\/wp-json\/wp\/v2\/media?parent=1095"}],"wp:term":[{"taxonomy":"category","embeddable":true,"href":"http:\/\/glacas.fr\/lantredemystara\/wp-json\/wp\/v2\/categories?post=1095"},{"taxonomy":"post_tag","embeddable":true,"href":"http:\/\/glacas.fr\/lantredemystara\/wp-json\/wp\/v2\/tags?post=1095"}],"curies":[{"name":"wp","href":"https:\/\/api.w.org\/{rel}","templated":true}]}}